{"id":3027,"date":"2019-03-30T04:38:48","date_gmt":"2019-03-30T03:38:48","guid":{"rendered":"https:\/\/2019.paris.wordcamp.org\/?page_id=3027"},"modified":"2019-04-23T17:45:52","modified_gmt":"2019-04-23T15:45:52","slug":"a-la-carte","status":"publish","type":"page","link":"https:\/\/paris.wordcamp.org\/2019\/a-la-carte\/","title":{"rendered":"Le programme des 24, 25 et 26 avril 2019"},"content":{"rendered":"\n<div class=\"wp-block-media-text alignwide is-stacked-on-mobile is-round\"><figure class=\"wp-block-media-text__media\"><img loading=\"lazy\" decoding=\"async\" width=\"1024\" height=\"614\" src=\"https:\/\/2019.paris.wordcamp.org\/files\/2019\/03\/wcparis-2018-riad-cc-by-christophe-perrin-1024x614.jpg\" alt=\"\" class=\"wp-image-2327\" srcset=\"https:\/\/paris.wordcamp.org\/2019\/files\/2019\/03\/wcparis-2018-riad-cc-by-christophe-perrin-1024x614.jpg 1024w, https:\/\/paris.wordcamp.org\/2019\/files\/2019\/03\/wcparis-2018-riad-cc-by-christophe-perrin-300x180.jpg 300w, https:\/\/paris.wordcamp.org\/2019\/files\/2019\/03\/wcparis-2018-riad-cc-by-christophe-perrin-768x461.jpg 768w, https:\/\/paris.wordcamp.org\/2019\/files\/2019\/03\/wcparis-2018-riad-cc-by-christophe-perrin-500x300.jpg 500w, https:\/\/paris.wordcamp.org\/2019\/files\/2019\/03\/wcparis-2018-riad-cc-by-christophe-perrin-1568x941.jpg 1568w, https:\/\/paris.wordcamp.org\/2019\/files\/2019\/03\/wcparis-2018-riad-cc-by-christophe-perrin.jpg 2000w\" sizes=\"auto, (max-width: 1024px) 100vw, 1024px\" \/><\/figure><div class=\"wp-block-media-text__content\">\n<p class=\"has-large-font-size\">Conf\u00e9rences<\/p>\n\n\n\n<p>17 expert\u00b7e\u00b7s de la communaut\u00e9 WordPress se succ\u00e8deront pour vous transmettre leurs conseils, leurs bonnes pratiques et leurs connaissances.<\/p>\n\n\n\n<div class=\"wp-block-button\"><a class=\"wp-block-button__link\" href=\"https:\/\/2019.paris.wordcamp.org\/programme\/\">En savoir plus<\/a><\/div>\n<\/div><\/div>\n\n\n\n<div style=\"height:50px\" aria-hidden=\"true\" class=\"wp-block-spacer\"><\/div>\n\n\n\n<div class=\"wp-block-media-text alignwide has-media-on-the-right is-stacked-on-mobile is-round\"><figure class=\"wp-block-media-text__media\"><img loading=\"lazy\" decoding=\"async\" width=\"1024\" height=\"614\" src=\"https:\/\/2019.paris.wordcamp.org\/files\/2019\/03\/discussions-open-bar-CC_BY_Rachel_Peter-1024x614.jpg\" alt=\"open bar WCParis 2018\" class=\"wp-image-2964\" srcset=\"https:\/\/paris.wordcamp.org\/2019\/files\/2019\/03\/discussions-open-bar-CC_BY_Rachel_Peter-1024x614.jpg 1024w, https:\/\/paris.wordcamp.org\/2019\/files\/2019\/03\/discussions-open-bar-CC_BY_Rachel_Peter-300x180.jpg 300w, https:\/\/paris.wordcamp.org\/2019\/files\/2019\/03\/discussions-open-bar-CC_BY_Rachel_Peter-768x461.jpg 768w, https:\/\/paris.wordcamp.org\/2019\/files\/2019\/03\/discussions-open-bar-CC_BY_Rachel_Peter-500x300.jpg 500w, https:\/\/paris.wordcamp.org\/2019\/files\/2019\/03\/discussions-open-bar-CC_BY_Rachel_Peter-1568x941.jpg 1568w, https:\/\/paris.wordcamp.org\/2019\/files\/2019\/03\/discussions-open-bar-CC_BY_Rachel_Peter.jpg 2000w\" sizes=\"auto, (max-width: 1024px) 100vw, 1024px\" \/><\/figure><div class=\"wp-block-media-text__content\">\n<p class=\"has-large-font-size\">Causeries<\/p>\n\n\n\n<p>En compl\u00e9ment, 10 discussions th\u00e9matiques encadr\u00e9es par un animateur pour apprendre les un\u00b7e\u00b7s des autres.<\/p>\n\n\n\n<div class=\"wp-block-button\"><a class=\"wp-block-button__link\" href=\"https:\/\/2019.paris.wordcamp.org\/2019\/03\/28\/pour-completer-le-programme-de-conferences-les-causeries\/\">En savoir plus<\/a><\/div>\n<\/div><\/div>\n\n\n\n<div style=\"height:50px\" aria-hidden=\"true\" class=\"wp-block-spacer\"><\/div>\n\n\n\n<div class=\"wp-block-media-text alignwide is-stacked-on-mobile is-round\"><figure class=\"wp-block-media-text__media\"><img loading=\"lazy\" decoding=\"async\" width=\"1024\" height=\"768\" src=\"https:\/\/2019.paris.wordcamp.org\/files\/2018\/10\/openbar-wc-2018-rachel-peter-1024x768.jpg\" alt=\"\" class=\"wp-image-268\" srcset=\"https:\/\/paris.wordcamp.org\/2019\/files\/2018\/10\/openbar-wc-2018-rachel-peter-1024x768.jpg 1024w, https:\/\/paris.wordcamp.org\/2019\/files\/2018\/10\/openbar-wc-2018-rachel-peter-300x225.jpg 300w, https:\/\/paris.wordcamp.org\/2019\/files\/2018\/10\/openbar-wc-2018-rachel-peter-768x576.jpg 768w, https:\/\/paris.wordcamp.org\/2019\/files\/2018\/10\/openbar-wc-2018-rachel-peter-400x300.jpg 400w, https:\/\/paris.wordcamp.org\/2019\/files\/2018\/10\/openbar-wc-2018-rachel-peter.jpg 2048w\" sizes=\"auto, (max-width: 1024px) 100vw, 1024px\" \/><\/figure><div class=\"wp-block-media-text__content\">\n<p class=\"has-large-font-size\">Contributions<\/p>\n\n\n\n<p>11 animateur\u00b7rice\u00b7s de la communaut\u00e9 WordPress vous accompagneront dans vos premiers pas dans la contribution aux projets open source de WordPress.<\/p>\n\n\n\n<div class=\"wp-block-button\"><a class=\"wp-block-button__link\" href=\"https:\/\/2019.paris.wordcamp.org\/programme-de-la-journee-de-contribution\/\">En savoir plus<\/a><\/div>\n<\/div><\/div>\n\n\n\n<div style=\"height:50px\" aria-hidden=\"true\" class=\"wp-block-spacer\"><\/div>\n\n\n\n<blockquote style=\"text-align:center\" class=\"wp-block-quote is-style-large is-layout-flow wp-block-quote-is-layout-flow\"><p>3 journ\u00e9es de WordPress \u00e0 gogo, z&rsquo;allez kiffer \u00e0 donf !<\/p><cite>TiTi, le wapuu (mascotte) du WordCamp Paris<br><\/cite><\/blockquote>\n\n\n\n<div class=\"wp-block-image\"><figure class=\"aligncenter is-resized\"><img loading=\"lazy\" decoding=\"async\" src=\"https:\/\/2019.paris.wordcamp.org\/files\/2019\/03\/wapuu-wcparis19-961x1024.png\" alt=\"\" class=\"wp-image-3005\" width=\"209\" height=\"223\" srcset=\"https:\/\/paris.wordcamp.org\/2019\/files\/2019\/03\/wapuu-wcparis19-961x1024.png 961w, https:\/\/paris.wordcamp.org\/2019\/files\/2019\/03\/wapuu-wcparis19-282x300.png 282w, https:\/\/paris.wordcamp.org\/2019\/files\/2019\/03\/wapuu-wcparis19-768x818.png 768w, https:\/\/paris.wordcamp.org\/2019\/files\/2019\/03\/wapuu-wcparis19.png 1097w\" sizes=\"auto, (max-width: 209px) 100vw, 209px\" \/><\/figure><\/div>\n\n\n\n<div style=\"height:50px\" aria-hidden=\"true\" class=\"wp-block-spacer\"><\/div>\n\n\n\n<p class=\"has-small-font-size\"><em>Cr\u00e9dits Image \u00e0 la une : CC BY Patricia Brun Torre<\/em><\/p>\n","protected":false},"excerpt":{"rendered":"<p>3 journ\u00e9es de WordPress \u00e0 gogo, z&rsquo;allez kiffer \u00e0 donf ! TiTi, le wapuu (mascotte) du WordCamp Paris Cr\u00e9dits Image \u00e0 la une : CC BY Patricia Brun Torre<\/p>\n","protected":false},"author":6594935,"featured_media":3031,"parent":0,"menu_order":0,"comment_status":"closed","ping_status":"closed","template":"","meta":{"jetpack_post_was_ever_published":false,"footnotes":""},"class_list":["post-3027","page","type-page","status-publish","has-post-thumbnail","hentry","entry"],"jetpack_sharing_enabled":true,"jetpack_shortlink":"https:\/\/wp.me\/Pa49y4-MP","jetpack_likes_enabled":true,"_links":{"self":[{"href":"https:\/\/paris.wordcamp.org\/2019\/wp-json\/wp\/v2\/pages\/3027","targetHints":{"allow":["GET"]}}],"collection":[{"href":"https:\/\/paris.wordcamp.org\/2019\/wp-json\/wp\/v2\/pages"}],"about":[{"href":"https:\/\/paris.wordcamp.org\/2019\/wp-json\/wp\/v2\/types\/page"}],"author":[{"embeddable":true,"href":"https:\/\/paris.wordcamp.org\/2019\/wp-json\/wp\/v2\/users\/6594935"}],"replies":[{"embeddable":true,"href":"https:\/\/paris.wordcamp.org\/2019\/wp-json\/wp\/v2\/comments?post=3027"}],"version-history":[{"count":17,"href":"https:\/\/paris.wordcamp.org\/2019\/wp-json\/wp\/v2\/pages\/3027\/revisions"}],"predecessor-version":[{"id":4373,"href":"https:\/\/paris.wordcamp.org\/2019\/wp-json\/wp\/v2\/pages\/3027\/revisions\/4373"}],"wp:featuredmedia":[{"embeddable":true,"href":"https:\/\/paris.wordcamp.org\/2019\/wp-json\/wp\/v2\/media\/3031"}],"wp:attachment":[{"href":"https:\/\/paris.wordcamp.org\/2019\/wp-json\/wp\/v2\/media?parent=3027"}],"curies":[{"name":"wp","href":"https:\/\/api.w.org\/{rel}","templated":true}]}}