{"id":2,"date":"2018-07-09T21:57:32","date_gmt":"2018-07-09T21:57:32","guid":{"rendered":"http:\/\/2019.paris.wordcamp.org\/?page_id=2"},"modified":"2019-04-27T08:26:54","modified_gmt":"2019-04-27T06:26:54","slug":"accueil","status":"publish","type":"page","link":"https:\/\/paris.wordcamp.org\/2019\/","title":{"rendered":"3 jours de WordPress pour tou\u00b7te\u00b7s"},"content":{"rendered":"\n<div class=\"wp-block-media-text alignfull has-media-on-the-right is-stacked-on-mobile is-round\"><figure class=\"wp-block-media-text__media\"><img loading=\"lazy\" decoding=\"async\" width=\"1024\" height=\"734\" src=\"https:\/\/2019.paris.wordcamp.org\/files\/2019\/01\/gd6d-wceu2017-cd-marketing-table-1024x734.jpg\" alt=\"Table \u00e9quipe Marketing CD WCEU 2017\" class=\"wp-image-715\" srcset=\"https:\/\/paris.wordcamp.org\/2019\/files\/2019\/01\/gd6d-wceu2017-cd-marketing-table-1024x734.jpg 1024w, https:\/\/paris.wordcamp.org\/2019\/files\/2019\/01\/gd6d-wceu2017-cd-marketing-table-300x215.jpg 300w, https:\/\/paris.wordcamp.org\/2019\/files\/2019\/01\/gd6d-wceu2017-cd-marketing-table-768x550.jpg 768w, https:\/\/paris.wordcamp.org\/2019\/files\/2019\/01\/gd6d-wceu2017-cd-marketing-table-419x300.jpg 419w, https:\/\/paris.wordcamp.org\/2019\/files\/2019\/01\/gd6d-wceu2017-cd-marketing-table.jpg 2048w\" sizes=\"auto, (max-width: 1024px) 100vw, 1024px\" \/><\/figure><div class=\"wp-block-media-text__content\">\n<p style=\"text-align:right\" class=\"has-large-font-size\">Le 24\/04\/2019, c&rsquo;est la Journ\u00e9e de Contribution \u00e0 WordPress<\/p>\n\n\n\n<p style=\"text-align:right\">Jusqu&rsquo;\u00e0 80 contributrices et contributeurs participeront \u00e0 cette premi\u00e8re historique de notre rencontre annuelle d\u00e9di\u00e9e \u00e0 WordPress : un <strong>vrai<\/strong> \u00ab\u00a0Contributor Day\u00a0\u00bb !<\/p>\n\n\n\n<div class=\"wp-block-button alignright is-style-default\"><a class=\"wp-block-button__link\" href=\"https:\/\/2019.paris.wordcamp.org\/contributor-day\/\">En savoir plus<\/a><\/div>\n<\/div><\/div>\n\n\n\n<div class=\"wp-block-media-text alignfull is-stacked-on-mobile is-round\"><figure class=\"wp-block-media-text__media\"><img loading=\"lazy\" decoding=\"async\" width=\"1024\" height=\"585\" src=\"https:\/\/2019.paris.wordcamp.org\/files\/2019\/01\/wcparis-2018-remarques-cloture-1024x585.jpg\" alt=\"Les remarques d'ouverture du WordCamp Paris 2018\" class=\"wp-image-719\" srcset=\"https:\/\/paris.wordcamp.org\/2019\/files\/2019\/01\/wcparis-2018-remarques-cloture-1024x585.jpg 1024w, https:\/\/paris.wordcamp.org\/2019\/files\/2019\/01\/wcparis-2018-remarques-cloture-300x171.jpg 300w, https:\/\/paris.wordcamp.org\/2019\/files\/2019\/01\/wcparis-2018-remarques-cloture-768x439.jpg 768w, https:\/\/paris.wordcamp.org\/2019\/files\/2019\/01\/wcparis-2018-remarques-cloture-500x286.jpg 500w, https:\/\/paris.wordcamp.org\/2019\/files\/2019\/01\/wcparis-2018-remarques-cloture.jpg 1400w\" sizes=\"auto, (max-width: 1024px) 100vw, 1024px\" \/><\/figure><div class=\"wp-block-media-text__content\">\n<p class=\"has-large-font-size\">Les 25 et 26\/04\/2019 : c&rsquo;est le WordCamp&nbsp;!<\/p>\n\n\n\n<p style=\"text-align:left\">Jusqu&rsquo;\u00e0 900 enthousiastes assisteront aux conf\u00e9rences de passionn\u00e9\u00b7e\u00b7s tri\u00e9\u00b7e\u00b7s sur le volet et qui auront \u00e0 c\u0153ur de vous transmettre leurs conseils, leurs bonnes pratiques, leurs connaissances et leurs expertises de notre projet open source.<\/p>\n\n\n\n<div class=\"wp-block-button is-style-default\"><a class=\"wp-block-button__link\" href=\"https:\/\/2019.paris.wordcamp.org\/a-propos\/\">En savoir plus<\/a><\/div>\n<\/div><\/div>\n\n\n\n<div style=\"height:50px\" aria-hidden=\"true\" class=\"wp-block-spacer\"><\/div>\n\n\n\n<div class=\"wp-block-image\"><figure class=\"aligncenter is-resized\"><img loading=\"lazy\" decoding=\"async\" src=\"https:\/\/cldup.com\/6pCtCcXsXF.svg\" alt=\"La mascotte du WordCamp Paris\" width=\"126\" height=\"150\" \/><\/figure><\/div>\n\n\n\n<blockquote style=\"text-align:center\" class=\"wp-block-quote is-style-large is-layout-flow wp-block-quote-is-layout-flow\"><p>Contributions, conf\u00e9rences.. Pfiou.. Faudra penser \u00e0 faire des pauses pour \u00e9viter les claquages&nbsp;! Viens taper l&rsquo;incruste \u00e0 la cantoche. Avec mes potes on a l&rsquo;habitude d&rsquo;y tailler une bavette&nbsp;! Plus on est d&rsquo;fous.. Plus c&rsquo;est fun&nbsp;! <\/p><cite><strong>Titi<\/strong>, la mascotte du WordCamp Paris.<\/cite><\/blockquote>\n\n\n\n<div style=\"height:50px\" aria-hidden=\"true\" class=\"wp-block-spacer\"><\/div>\n\n\n\n<h2 class=\"wp-block-heading\">Un cadre id\u00e9al : le campus Malesherbes.<\/h2>\n\n\n\n<p>Le WordCamp Paris 2019 se d\u00e9roulera au <a href=\"https:\/\/2019.paris.wordcamp.org\/2019\/01\/15\/campus-malesherbes\/\">centre universitaire Malesherbes<\/a>, un des sites de la prestigieuse universit\u00e9 de Paris La Sorbonne. Il est situ\u00e9 dans le <strong>17e<\/strong> arrondissement, \u00e0 deux pas du Parc Monceau.<\/p>\n\n\n<div class=\"googlemaps\">\n\t\t\t\t<iframe loading=\"lazy\" width=\"840\" height=\"350\" frameborder=\"0\" scrolling=\"no\" marginheight=\"0\" marginwidth=\"0\"  src=\"https:\/\/www.google.com\/maps\/d\/embed?mid=1ldWaQvgQSg_s7eVMmzqnfJohc1A1QvIt&#038;ll=48.88358,2.30958&#038;z=17&#038;height=680\"><\/iframe>\n\t\t\t<\/div>\n\n\n\n<h2 class=\"wp-block-heading\">Les derni\u00e8res actualit\u00e9s du WordCamp Paris 2019<\/h2>\n\n\n<ul class=\"wp-block-latest-posts__list is-grid columns-3 has-dates wp-block-latest-posts\"><li><a class=\"wp-block-latest-posts__post-title\" href=\"https:\/\/paris.wordcamp.org\/2019\/bilan-du-wordcamp-paris-2019\/\">Le bilan de la onzi\u00e8me \u00e9dition du WordCamp Paris<\/a><time datetime=\"2019-05-22T09:55:24+02:00\" class=\"wp-block-latest-posts__post-date\">22\/05\/2019<\/time><\/li>\n<li><a class=\"wp-block-latest-posts__post-title\" href=\"https:\/\/paris.wordcamp.org\/2019\/merci-a-nos-sponsors\/\">Merci \u00e0 nos g\u00e9n\u00e9reux sponsors<\/a><time datetime=\"2019-05-03T18:33:57+02:00\" class=\"wp-block-latest-posts__post-date\">03\/05\/2019<\/time><\/li>\n<li><a class=\"wp-block-latest-posts__post-title\" href=\"https:\/\/paris.wordcamp.org\/2019\/le-bouclage-du-11e-wordcamp-paris\/\">Revivons le 11e WordCamp Paris qui vient de se finir&nbsp;!<\/a><time datetime=\"2019-04-30T09:46:45+02:00\" class=\"wp-block-latest-posts__post-date\">30\/04\/2019<\/time><\/li>\n<\/ul>\n\n\n<div class=\"wp-block-button aligncenter\"><a class=\"wp-block-button__link\" href=\"https:\/\/2019.paris.wordcamp.org\/blog\/\">Afficher toutes les actualit\u00e9s<\/a><\/div>\n\n\n\n<div style=\"height:50px\" aria-hidden=\"true\" class=\"wp-block-spacer\"><\/div>\n\n\n\n<h2 style=\"text-align:center\" id=\"sponsors-platine\" class=\"platinum wp-block-heading\">Nos sponsors Platine<\/h2>\n\n\n\n<div class=\"wp-block-columns alignfull has-2-columns sponsors is-layout-flex wp-container-core-columns-is-layout-9d6595d7 wp-block-columns-is-layout-flex\">\n<div class=\"wp-block-column is-layout-flow wp-block-column-is-layout-flow\">\n<div class=\"wp-block-image\"><figure class=\"aligncenter\"><a href=\"https:\/\/2019.paris.wordcamp.org\/sponsor\/jetpack\/\"><img decoding=\"async\" src=\"https:\/\/2019.paris.wordcamp.org\/files\/2018\/07\/Jetpack_Horizontal_RGB-1.png\" alt=\"JetPack extension WP\" \/><\/a><\/figure><\/div>\n<\/div>\n\n\n\n<div class=\"wp-block-column is-layout-flow wp-block-column-is-layout-flow\">\n<div class=\"wp-block-image\"><figure class=\"aligncenter\"><a href=\"https:\/\/2019.paris.wordcamp.org\/sponsor\/woocommerce\/\"><img decoding=\"async\" src=\"https:\/\/2019.paris.wordcamp.org\/files\/2018\/07\/woocommerce_logo.png\" alt=\"WooCommerce\" \/><\/a><\/figure><\/div>\n<\/div>\n<\/div>\n\n\n\n<div class=\"wp-block-columns alignfull has-2-columns sponsors is-layout-flex wp-container-core-columns-is-layout-9d6595d7 wp-block-columns-is-layout-flex\">\n<div class=\"wp-block-column is-layout-flow wp-block-column-is-layout-flow\">\n<div class=\"wp-block-image\"><figure class=\"aligncenter\"><a href=\"https:\/\/2019.paris.wordcamp.org\/sponsor\/o2switch\/\"><img loading=\"lazy\" decoding=\"async\" width=\"438\" height=\"120\" src=\"https:\/\/2019.paris.wordcamp.org\/files\/2019\/01\/o2switch-logo.png\" alt=\"H\u00e9bergeur o2switch\" class=\"wp-image-866\" srcset=\"https:\/\/paris.wordcamp.org\/2019\/files\/2019\/01\/o2switch-logo.png 438w, https:\/\/paris.wordcamp.org\/2019\/files\/2019\/01\/o2switch-logo-300x82.png 300w\" sizes=\"auto, (max-width: 438px) 100vw, 438px\" \/><\/a><\/figure><\/div>\n<\/div>\n\n\n\n<div class=\"wp-block-column is-layout-flow wp-block-column-is-layout-flow\">\n<div class=\"wp-block-image\"><figure class=\"aligncenter\"><a href=\"https:\/\/2019.paris.wordcamp.org\/sponsor\/wpserveur\/\"><img loading=\"lazy\" decoding=\"async\" width=\"452\" height=\"90\" src=\"https:\/\/2019.paris.wordcamp.org\/files\/2019\/01\/wpserveur-logo.png\" alt=\"H\u00e9bergeur WP Serveur\" class=\"wp-image-867\" srcset=\"https:\/\/paris.wordcamp.org\/2019\/files\/2019\/01\/wpserveur-logo.png 452w, https:\/\/paris.wordcamp.org\/2019\/files\/2019\/01\/wpserveur-logo-300x60.png 300w\" sizes=\"auto, (max-width: 452px) 100vw, 452px\" \/><\/a><\/figure><\/div>\n<\/div>\n<\/div>\n\n\n\n<div class=\"wp-block-columns alignfull has-2-columns sponsors is-layout-flex wp-container-core-columns-is-layout-9d6595d7 wp-block-columns-is-layout-flex\">\n<div class=\"wp-block-column is-layout-flow wp-block-column-is-layout-flow\">\n<div class=\"wp-block-image\"><figure class=\"aligncenter\"><a href=\"https:\/\/2019.paris.wordcamp.org\/sponsor\/weglot\/\"><img loading=\"lazy\" decoding=\"async\" width=\"400\" height=\"137\" src=\"https:\/\/2019.paris.wordcamp.org\/files\/2019\/01\/weglot.png\" alt=\"Extension de traduction Weglot\" class=\"wp-image-944\" srcset=\"https:\/\/paris.wordcamp.org\/2019\/files\/2019\/01\/weglot.png 400w, https:\/\/paris.wordcamp.org\/2019\/files\/2019\/01\/weglot-300x103.png 300w\" sizes=\"auto, (max-width: 400px) 100vw, 400px\" \/><\/a><\/figure><\/div>\n<\/div>\n\n\n\n<div class=\"wp-block-column is-layout-flow wp-block-column-is-layout-flow\">\n<div class=\"wp-block-image\"><figure class=\"aligncenter\"><a href=\"https:\/\/2019.paris.wordcamp.org\/sponsor\/planethoster\/\"><img loading=\"lazy\" decoding=\"async\" width=\"464\" height=\"128\" src=\"https:\/\/2019.paris.wordcamp.org\/files\/2019\/01\/planethoster-logo.jpg\" alt=\"H\u00e9bergeur Web PlanetHoster\" class=\"wp-image-1193\" srcset=\"https:\/\/paris.wordcamp.org\/2019\/files\/2019\/01\/planethoster-logo.jpg 464w, https:\/\/paris.wordcamp.org\/2019\/files\/2019\/01\/planethoster-logo-300x83.jpg 300w\" sizes=\"auto, (max-width: 464px) 100vw, 464px\" \/><\/a><\/figure><\/div>\n<\/div>\n<\/div>\n\n\n\n<div class=\"wp-block-image\"><figure class=\"aligncenter is-resized\"><a href=\"https:\/\/2019.paris.wordcamp.org\/sponsor\/atoo-next\/\"><img loading=\"lazy\" decoding=\"async\" src=\"https:\/\/2019.paris.wordcamp.org\/files\/2019\/01\/atoo-next-logo-ecommerce.png\" alt=\"Atoo Next, Acc\u00e9l\u00e9rateur de Croissance\" class=\"wp-image-1275\" width=\"400\" height=\"133\" srcset=\"https:\/\/paris.wordcamp.org\/2019\/files\/2019\/01\/atoo-next-logo-ecommerce.png 400w, https:\/\/paris.wordcamp.org\/2019\/files\/2019\/01\/atoo-next-logo-ecommerce-300x100.png 300w\" sizes=\"auto, (max-width: 400px) 100vw, 400px\" \/><\/a><\/figure><\/div>\n\n\n\n<div style=\"height:50px\" aria-hidden=\"true\" class=\"wp-block-spacer\"><\/div>\n\n\n\n<h2 style=\"text-align:center\" id=\"sponsors-or\" class=\"gold wp-block-heading\">Nos Sponsors Or<\/h2>\n\n\n\n<div class=\"wp-block-columns alignfull has-3-columns sponsors is-layout-flex wp-container-core-columns-is-layout-9d6595d7 wp-block-columns-is-layout-flex\">\n<div class=\"wp-block-column is-layout-flow wp-block-column-is-layout-flow\">\n<div class=\"wp-block-image\"><figure class=\"aligncenter\"><a href=\"https:\/\/2019.paris.wordcamp.org\/sponsor\/kinsta\/\"><img loading=\"lazy\" decoding=\"async\" width=\"504\" height=\"100\" src=\"https:\/\/2019.paris.wordcamp.org\/files\/2019\/01\/kinsta-logo-alpha-purple.png\" alt=\"Kinsta\" class=\"wp-image-1184\" srcset=\"https:\/\/paris.wordcamp.org\/2019\/files\/2019\/01\/kinsta-logo-alpha-purple.png 504w, https:\/\/paris.wordcamp.org\/2019\/files\/2019\/01\/kinsta-logo-alpha-purple-300x60.png 300w, https:\/\/paris.wordcamp.org\/2019\/files\/2019\/01\/kinsta-logo-alpha-purple-500x99.png 500w\" sizes=\"auto, (max-width: 504px) 100vw, 504px\" \/><\/a><\/figure><\/div>\n<\/div>\n\n\n\n<div class=\"wp-block-column is-layout-flow wp-block-column-is-layout-flow\">\n<div class=\"wp-block-image\"><figure class=\"aligncenter\"><a href=\"https:\/\/2019.paris.wordcamp.org\/sponsor\/godaddy\/\"><img decoding=\"async\" src=\"https:\/\/2019.paris.wordcamp.org\/files\/2018\/07\/GoDaddy_Pro_RGB_Full_B2.png\" alt=\"H\u00e9bergeur GoDaddy\" \/><\/a><\/figure><\/div>\n<\/div>\n\n\n\n<div class=\"wp-block-column is-layout-flow wp-block-column-is-layout-flow\">\n<div class=\"wp-block-image\"><figure class=\"aligncenter\"><a href=\"https:\/\/2019.paris.wordcamp.org\/sponsor\/bluehost\/\"><img decoding=\"async\" src=\"https:\/\/2019.paris.wordcamp.org\/files\/2018\/07\/bh_logo_2015.png\" alt=\"H\u00e9bergeur Bluehost\" \/><\/a><\/figure><\/div>\n<\/div>\n<\/div>\n\n\n\n<div class=\"wp-block-columns alignfull has-3-columns sponsors is-layout-flex wp-container-core-columns-is-layout-9d6595d7 wp-block-columns-is-layout-flex\">\n<div class=\"wp-block-column empty is-layout-flow wp-block-column-is-layout-flow\">\n<p><\/p>\n<\/div>\n\n\n\n<div class=\"wp-block-column is-layout-flow wp-block-column-is-layout-flow\">\n<div class=\"wp-block-image\"><figure class=\"aligncenter is-resized\"><a href=\"https:\/\/2019.paris.wordcamp.org\/sponsor\/mollie\/\"><img loading=\"lazy\" decoding=\"async\" src=\"https:\/\/2019.paris.wordcamp.org\/files\/2019\/02\/mollie-logo-transparent.png\" alt=\"Mollie, la force de la simplicit\u00e9\" class=\"wp-image-1340\" width=\"244\" height=\"100\" srcset=\"https:\/\/paris.wordcamp.org\/2019\/files\/2019\/02\/mollie-logo-transparent.png 789w, https:\/\/paris.wordcamp.org\/2019\/files\/2019\/02\/mollie-logo-transparent-300x124.png 300w, https:\/\/paris.wordcamp.org\/2019\/files\/2019\/02\/mollie-logo-transparent-768x316.png 768w, https:\/\/paris.wordcamp.org\/2019\/files\/2019\/02\/mollie-logo-transparent-500x206.png 500w\" sizes=\"auto, (max-width: 244px) 100vw, 244px\" \/><\/a><\/figure><\/div>\n<\/div>\n\n\n\n<div class=\"wp-block-column empty is-layout-flow wp-block-column-is-layout-flow\">\n<p><\/p>\n<\/div>\n<\/div>\n\n\n\n<div style=\"height:50px\" aria-hidden=\"true\" class=\"wp-block-spacer\"><\/div>\n\n\n\n<h2 style=\"text-align:center\" id=\"sponsors-or\" class=\"silver wp-block-heading\">Nos Sponsors Argent<\/h2>\n\n\n\n<div class=\"wp-block-columns alignwide has-2-columns sponsors is-layout-flex wp-container-core-columns-is-layout-9d6595d7 wp-block-columns-is-layout-flex\">\n<div class=\"wp-block-column is-layout-flow wp-block-column-is-layout-flow\">\n<figure class=\"wp-block-image is-resized\"><a href=\"https:\/\/2019.paris.wordcamp.org\/sponsor\/planet-work\/\"><img loading=\"lazy\" decoding=\"async\" src=\"https:\/\/2019.paris.wordcamp.org\/files\/2019\/02\/planet-work-logo.png\" alt=\"Planet-Work\" class=\"wp-image-1572\" width=\"308\" height=\"50\" srcset=\"https:\/\/paris.wordcamp.org\/2019\/files\/2019\/02\/planet-work-logo.png 615w, https:\/\/paris.wordcamp.org\/2019\/files\/2019\/02\/planet-work-logo-300x49.png 300w, https:\/\/paris.wordcamp.org\/2019\/files\/2019\/02\/planet-work-logo-500x81.png 500w\" sizes=\"auto, (max-width: 308px) 100vw, 308px\" \/><\/a><\/figure>\n<\/div>\n\n\n\n<div class=\"wp-block-column is-layout-flow wp-block-column-is-layout-flow\">\n<div class=\"wp-block-image\"><figure class=\"aligncenter is-resized\"><a href=\"https:\/\/2019.paris.wordcamp.org\/sponsor\/oceanwp\/\"><img loading=\"lazy\" decoding=\"async\" src=\"https:\/\/2019.paris.wordcamp.org\/files\/2019\/02\/oceanwp-logo.png\" alt=\"OceanWP\" class=\"wp-image-1462\" width=\"261\" height=\"42\" srcset=\"https:\/\/paris.wordcamp.org\/2019\/files\/2019\/02\/oceanwp-logo.png 521w, https:\/\/paris.wordcamp.org\/2019\/files\/2019\/02\/oceanwp-logo-300x48.png 300w, https:\/\/paris.wordcamp.org\/2019\/files\/2019\/02\/oceanwp-logo-500x80.png 500w\" sizes=\"auto, (max-width: 261px) 100vw, 261px\" \/><\/a><\/figure><\/div>\n<\/div>\n<\/div>\n\n\n\n<div style=\"height:50px\" aria-hidden=\"true\" class=\"wp-block-spacer\"><\/div>\n\n\n\n<h2 style=\"text-align:center\" id=\"sponsors-bronze\" class=\"bronze wp-block-heading\">Nos sponsors Bronze<\/h2>\n\n\n\n<div class=\"wp-block-columns alignfull has-3-columns sponsors is-layout-flex wp-container-core-columns-is-layout-9d6595d7 wp-block-columns-is-layout-flex\">\n<div class=\"wp-block-column is-layout-flow wp-block-column-is-layout-flow\">\n<figure class=\"wp-block-image\"><a href=\"https:\/\/2019.paris.wordcamp.org\/sponsor\/wpformation\/\"><img loading=\"lazy\" decoding=\"async\" width=\"1024\" height=\"193\" src=\"https:\/\/2019.paris.wordcamp.org\/files\/2019\/01\/logo-wpformation-1024x193.png\" alt=\"WPFormation - Formez-vous \u00e0 WordPress\" class=\"wp-image-1299\" srcset=\"https:\/\/paris.wordcamp.org\/2019\/files\/2019\/01\/logo-wpformation.png 1024w, https:\/\/paris.wordcamp.org\/2019\/files\/2019\/01\/logo-wpformation-300x57.png 300w, https:\/\/paris.wordcamp.org\/2019\/files\/2019\/01\/logo-wpformation-768x145.png 768w, https:\/\/paris.wordcamp.org\/2019\/files\/2019\/01\/logo-wpformation-500x94.png 500w\" sizes=\"auto, (max-width: 1024px) 100vw, 1024px\" \/><\/a><\/figure>\n<\/div>\n\n\n\n<div class=\"wp-block-column is-layout-flow wp-block-column-is-layout-flow\">\n<div class=\"wp-block-image\"><figure class=\"aligncenter\"><a href=\"https:\/\/2019.paris.wordcamp.org\/sponsor\/wpchef\/\"><img loading=\"lazy\" decoding=\"async\" width=\"150\" height=\"150\" src=\"https:\/\/2019.paris.wordcamp.org\/files\/2019\/01\/wpchef-logo.png\" alt=\"Formation WordPress WP Chef\" class=\"wp-image-1089\" \/><\/a><\/figure><\/div>\n<\/div>\n\n\n\n<div class=\"wp-block-column is-layout-flow wp-block-column-is-layout-flow\">\n<div class=\"wp-block-image\"><figure class=\"aligncenter\"><a href=\"https:\/\/2019.paris.wordcamp.org\/sponsor\/beapi\/\"><img loading=\"lazy\" decoding=\"async\" width=\"141\" height=\"150\" src=\"https:\/\/2019.paris.wordcamp.org\/files\/2019\/01\/BeAPI-logo.png\" alt=\"beApi Cr\u00e9ateur bonheur digital\" class=\"wp-image-1213\" \/><\/a><\/figure><\/div>\n<\/div>\n<\/div>\n\n\n\n<div class=\"wp-block-columns alignfull has-3-columns sponsors is-layout-flex wp-container-core-columns-is-layout-9d6595d7 wp-block-columns-is-layout-flex\">\n<div class=\"wp-block-column is-layout-flow wp-block-column-is-layout-flow\">\n<div class=\"wp-block-image\"><figure class=\"aligncenter is-resized\"><a href=\"https:\/\/2019.paris.wordcamp.org\/sponsor\/wpmarmite\/\"><img loading=\"lazy\" decoding=\"async\" src=\"https:\/\/2019.paris.wordcamp.org\/files\/2019\/01\/logo_wp_marmite-black-1024x352.png\" alt=\"WP Marmite\" class=\"wp-image-1252\" width=\"328\" height=\"113\" srcset=\"https:\/\/paris.wordcamp.org\/2019\/files\/2019\/01\/logo_wp_marmite-black-1024x352.png 1024w, https:\/\/paris.wordcamp.org\/2019\/files\/2019\/01\/logo_wp_marmite-black-300x103.png 300w, https:\/\/paris.wordcamp.org\/2019\/files\/2019\/01\/logo_wp_marmite-black-768x264.png 768w, https:\/\/paris.wordcamp.org\/2019\/files\/2019\/01\/logo_wp_marmite-black-500x172.png 500w, https:\/\/paris.wordcamp.org\/2019\/files\/2019\/01\/logo_wp_marmite-black-1568x538.png 1568w\" sizes=\"auto, (max-width: 328px) 100vw, 328px\" \/><\/a><\/figure><\/div>\n<\/div>\n\n\n\n<div class=\"wp-block-column is-layout-flow wp-block-column-is-layout-flow\">\n<div class=\"wp-block-image\"><figure class=\"aligncenter is-resized\"><a href=\"https:\/\/2019.paris.wordcamp.org\/sponsor\/polylang\/\"><img loading=\"lazy\" decoding=\"async\" src=\"https:\/\/2019.paris.wordcamp.org\/files\/2019\/02\/polylang-logo.png\" alt=\"Polylang, making WordPress Multilingual\" class=\"wp-image-1460\" width=\"360\" height=\"125\" srcset=\"https:\/\/paris.wordcamp.org\/2019\/files\/2019\/02\/polylang-logo.png 720w, https:\/\/paris.wordcamp.org\/2019\/files\/2019\/02\/polylang-logo-300x104.png 300w, https:\/\/paris.wordcamp.org\/2019\/files\/2019\/02\/polylang-logo-500x174.png 500w\" sizes=\"auto, (max-width: 360px) 100vw, 360px\" \/><\/a><\/figure><\/div>\n<\/div>\n\n\n\n<div class=\"wp-block-column is-layout-flow wp-block-column-is-layout-flow\">\n<div class=\"wp-block-image\"><figure class=\"aligncenter\"><a href=\"https:\/\/2019.paris.wordcamp.org\/sponsor\/wp-rocket\/\"><img loading=\"lazy\" decoding=\"async\" width=\"479\" height=\"130\" src=\"https:\/\/2019.paris.wordcamp.org\/files\/2019\/02\/wp-rocket-logo.png\" alt=\"WP Rocket\" class=\"wp-image-1599\" srcset=\"https:\/\/paris.wordcamp.org\/2019\/files\/2019\/02\/wp-rocket-logo.png 479w, https:\/\/paris.wordcamp.org\/2019\/files\/2019\/02\/wp-rocket-logo-300x81.png 300w\" sizes=\"auto, (max-width: 479px) 100vw, 479px\" \/><\/a><\/figure><\/div>\n<\/div>\n<\/div>\n\n\n\n<div class=\"wp-block-columns alignfull has-3-columns sponsors is-layout-flex wp-container-core-columns-is-layout-9d6595d7 wp-block-columns-is-layout-flex\">\n<div class=\"wp-block-column is-layout-flow wp-block-column-is-layout-flow\">\n<div class=\"wp-block-image\"><figure class=\"aligncenter is-resized\"><a href=\"https:\/\/2019.paris.wordcamp.org\/sponsor\/web-studios\/\"><img loading=\"lazy\" decoding=\"async\" src=\"https:\/\/2019.paris.wordcamp.org\/files\/2019\/03\/logo-webstudios.png\" alt=\"Web Studios, d\u00e9veloppeur de visibilit\u00e9.\" class=\"wp-image-2548\" width=\"278\" height=\"64\" srcset=\"https:\/\/paris.wordcamp.org\/2019\/files\/2019\/03\/logo-webstudios.png 545w, https:\/\/paris.wordcamp.org\/2019\/files\/2019\/03\/logo-webstudios-300x70.png 300w, https:\/\/paris.wordcamp.org\/2019\/files\/2019\/03\/logo-webstudios-500x117.png 500w\" sizes=\"auto, (max-width: 278px) 100vw, 278px\" \/><\/a><\/figure><\/div>\n<\/div>\n\n\n\n<div class=\"wp-block-column is-layout-flow wp-block-column-is-layout-flow\">\n<div class=\"wp-block-image\"><figure class=\"aligncenter is-resized\"><a href=\"https:\/\/2019.paris.wordcamp.org\/sponsor\/imagify\/\"><img loading=\"lazy\" decoding=\"async\" src=\"https:\/\/2019.paris.wordcamp.org\/files\/2019\/02\/imagify-logo.png\" alt=\"Imagify\" class=\"wp-image-1602\" width=\"329\" height=\"98\" srcset=\"https:\/\/paris.wordcamp.org\/2019\/files\/2019\/02\/imagify-logo.png 439w, https:\/\/paris.wordcamp.org\/2019\/files\/2019\/02\/imagify-logo-300x89.png 300w\" sizes=\"auto, (max-width: 329px) 100vw, 329px\" \/><\/a><\/figure><\/div>\n<\/div>\n\n\n\n<div class=\"wp-block-column is-layout-flow wp-block-column-is-layout-flow\">\n<div class=\"wp-block-image\"><figure class=\"aligncenter is-resized\"><a href=\"https:\/\/2019.paris.wordcamp.org\/sponsor\/eoxia\/\"><img loading=\"lazy\" decoding=\"async\" src=\"https:\/\/2019.paris.wordcamp.org\/files\/2019\/03\/logo-eoxia.png\" alt=\"Eoxia\" class=\"wp-image-2513\" width=\"291\" height=\"66\" srcset=\"https:\/\/paris.wordcamp.org\/2019\/files\/2019\/03\/logo-eoxia.png 545w, https:\/\/paris.wordcamp.org\/2019\/files\/2019\/03\/logo-eoxia-300x69.png 300w, https:\/\/paris.wordcamp.org\/2019\/files\/2019\/03\/logo-eoxia-500x115.png 500w\" sizes=\"auto, (max-width: 291px) 100vw, 291px\" \/><\/a><\/figure><\/div>\n<\/div>\n<\/div>\n\n\n\n<div style=\"height:50px\" aria-hidden=\"true\" class=\"wp-block-spacer\"><\/div>\n\n\n\n<h2 style=\"text-align:center\" id=\"partenaires\" class=\"silver wp-block-heading\">Nos partenaires<\/h2>\n\n\n\n<div class=\"wp-block-image\"><figure class=\"aligncenter\"><a href=\"https:\/\/www.stickermule.com\/eu\/uses?utm_source=sponsorship&amp;utm_medium=referral&amp;utm_campaign=WordCampParis\" target=\"_blank\" rel=\"noreferrer noopener\"><img loading=\"lazy\" decoding=\"async\" width=\"224\" height=\"150\" src=\"https:\/\/2019.paris.wordcamp.org\/files\/2019\/01\/stickermule-logo.png\" alt=\"StickerMule - Custom stickers that kick ass.\" class=\"wp-image-1266\" \/><\/a><\/figure><\/div>\n","protected":false},"excerpt":{"rendered":"<p>Contributions, conf\u00e9rences.. Pfiou.. Faudra penser \u00e0 faire des pauses pour \u00e9viter les claquages&nbsp;! Viens taper l&rsquo;incruste \u00e0 la cantoche. Avec mes potes on a l&rsquo;habitude d&rsquo;y tailler une bavette&nbsp;! Plus on est d&rsquo;fous.. Plus c&rsquo;est fun&nbsp;! Titi, la mascotte du WordCamp Paris. Un cadre id\u00e9al : le campus Malesherbes. Le WordCamp Paris 2019 se d\u00e9roulera &hellip; <\/p>\n<p class=\"link-more\"><a href=\"https:\/\/paris.wordcamp.org\/2019\/\" class=\"more-link\">Continuer la lecture <span class=\"screen-reader-text\"> \u00ab\u00a03 jours de WordPress pour tou\u00b7te\u00b7s\u00a0\u00bb<\/span><\/a><\/p>\n","protected":false},"author":6594935,"featured_media":144,"parent":0,"menu_order":0,"comment_status":"closed","ping_status":"open","template":"","meta":{"jetpack_post_was_ever_published":false,"footnotes":""},"class_list":["post-2","page","type-page","status-publish","has-post-thumbnail","hentry","entry"],"jetpack_sharing_enabled":true,"jetpack_shortlink":"https:\/\/wp.me\/Pa49y4-2","jetpack_likes_enabled":true,"_links":{"self":[{"href":"https:\/\/paris.wordcamp.org\/2019\/wp-json\/wp\/v2\/pages\/2","targetHints":{"allow":["GET"]}}],"collection":[{"href":"https:\/\/paris.wordcamp.org\/2019\/wp-json\/wp\/v2\/pages"}],"about":[{"href":"https:\/\/paris.wordcamp.org\/2019\/wp-json\/wp\/v2\/types\/page"}],"author":[{"embeddable":true,"href":"https:\/\/paris.wordcamp.org\/2019\/wp-json\/wp\/v2\/users\/6594935"}],"replies":[{"embeddable":true,"href":"https:\/\/paris.wordcamp.org\/2019\/wp-json\/wp\/v2\/comments?post=2"}],"version-history":[{"count":29,"href":"https:\/\/paris.wordcamp.org\/2019\/wp-json\/wp\/v2\/pages\/2\/revisions"}],"predecessor-version":[{"id":4119,"href":"https:\/\/paris.wordcamp.org\/2019\/wp-json\/wp\/v2\/pages\/2\/revisions\/4119"}],"wp:featuredmedia":[{"embeddable":true,"href":"https:\/\/paris.wordcamp.org\/2019\/wp-json\/wp\/v2\/media\/144"}],"wp:attachment":[{"href":"https:\/\/paris.wordcamp.org\/2019\/wp-json\/wp\/v2\/media?parent=2"}],"curies":[{"name":"wp","href":"https:\/\/api.w.org\/{rel}","templated":true}]}}