{"id":282,"date":"2017-09-11T12:18:59","date_gmt":"2017-09-11T10:18:59","guid":{"rendered":"https:\/\/2018.paris.wordcamp.org\/?post_type=wcb_organizer&#038;p=282"},"modified":"2018-01-19T17:02:44","modified_gmt":"2018-01-19T16:02:44","slug":"eric-martin","status":"publish","type":"wcb_organizer","link":"https:\/\/paris.wordcamp.org\/2018\/organizer\/eric-martin\/","title":{"rendered":"\u00c9ric Martin"},"content":{"rendered":"<p>Apr\u00e8s un passage aux <a href=\"https:\/\/www.ensba-lyon.fr\" target=\"_blank\" rel=\"noopener\">Beaux-Arts de Lyon<\/a>, \u00c9ric Martin a enseign\u00e9 la s\u00e9rigraphie \u00e0 l&rsquo;<a href=\"http:\/\/www.ensapc.fr\/fr\/\" target=\"_blank\" rel=\"noopener\">\u00c9cole nationale sup\u00e9rieure d&rsquo;arts de Paris-Cergy<\/a>\u00a0puis travaill\u00e9 comme graphiste et chef de projet sur des missions web et print dans une agence valdoisienne pendant 6 ans. Il est graphiste freelance depuis 2006.<\/p>\n<p>Il a d\u00e9couvert <a href=\"https:\/\/wordpress.org\" target=\"_blank\" rel=\"noopener\">WordPress<\/a> en 2010 et s&rsquo;appuie d\u00e9sormais sur ce CMS pour la cr\u00e9ation de sites web.\u00a0Il intervient en tant que <a href=\"https:\/\/eric-martin-graphiste.info\" target=\"_blank\" rel=\"noopener\">formateur ind\u00e9pendant sur WordPress<\/a> depuis 2015. Il aime avant tout partager ses connaissances sur ce sujet passionnant !<\/p>\n<p>\u00c9ric Martin est un membre actif de l&rsquo;association\u00a0<a href=\"https:\/\/wpparis.fr\" target=\"_blank\" rel=\"noopener\">WP Paris<\/a>.<\/p>\n<p>En savoir plus sur <a href=\"https:\/\/2018.paris.wordcamp.org\/2017\/12\/19\/eric-martin-et-la-logistique\/\">\u00c9ric<\/a>.<\/p>\n","protected":false},"excerpt":{"rendered":"<p>Apr\u00e8s un passage aux Beaux-Arts de Lyon, \u00c9ric Martin a enseign\u00e9 la s\u00e9rigraphie \u00e0 l&rsquo;\u00c9cole nationale sup\u00e9rieure d&rsquo;arts de Paris-Cergy\u00a0puis travaill\u00e9 comme graphiste et chef de projet sur des missions web et print dans une agence valdoisienne pendant 6 ans. Il est graphiste freelance depuis 2006. Il a d\u00e9couvert WordPress en 2010 et s&rsquo;appuie d\u00e9sormais &hellip; <\/p>\n<p class=\"link-more\"><a href=\"https:\/\/paris.wordcamp.org\/2018\/organizer\/eric-martin\/\" class=\"more-link\">Continuer la lecture<span class=\"screen-reader-text\"> de &laquo;&nbsp;\u00c9ric Martin&nbsp;&raquo;<\/span><\/a><\/p>\n","protected":false},"featured_media":0,"template":"","meta":{"_crdt_document":"","jetpack_post_was_ever_published":false,"_wcpt_user_name":"Em-m","footnotes":""},"organizer_team":[1165824],"class_list":["post-282","wcb_organizer","type-wcb_organizer","status-publish","hentry","wcb_organizer_team-logistique"],"jetpack_sharing_enabled":true,"jetpack_shortlink":"https:\/\/wp.me\/p91XyD-4y","avatar_urls":{"24":"https:\/\/secure.gravatar.com\/avatar\/b41b5325191f4fcc272452d6cae7a816bbecb7b1944ec12d999c93e48c6a4fb0?s=24&d=mm&r=g","48":"https:\/\/secure.gravatar.com\/avatar\/b41b5325191f4fcc272452d6cae7a816bbecb7b1944ec12d999c93e48c6a4fb0?s=48&d=mm&r=g","96":"https:\/\/secure.gravatar.com\/avatar\/b41b5325191f4fcc272452d6cae7a816bbecb7b1944ec12d999c93e48c6a4fb0?s=96&d=mm&r=g","128":"https:\/\/secure.gravatar.com\/avatar\/b41b5325191f4fcc272452d6cae7a816bbecb7b1944ec12d999c93e48c6a4fb0?s=128&d=mm&r=g","256":"https:\/\/secure.gravatar.com\/avatar\/b41b5325191f4fcc272452d6cae7a816bbecb7b1944ec12d999c93e48c6a4fb0?s=256&d=mm&r=g","512":"https:\/\/secure.gravatar.com\/avatar\/b41b5325191f4fcc272452d6cae7a816bbecb7b1944ec12d999c93e48c6a4fb0?s=512&d=mm&r=g"},"_links":{"self":[{"href":"https:\/\/paris.wordcamp.org\/2018\/wp-json\/wp\/v2\/organizers\/282","targetHints":{"allow":["GET"]}}],"collection":[{"href":"https:\/\/paris.wordcamp.org\/2018\/wp-json\/wp\/v2\/organizers"}],"about":[{"href":"https:\/\/paris.wordcamp.org\/2018\/wp-json\/wp\/v2\/types\/wcb_organizer"}],"version-history":[{"count":8,"href":"https:\/\/paris.wordcamp.org\/2018\/wp-json\/wp\/v2\/organizers\/282\/revisions"}],"predecessor-version":[{"id":2833,"href":"https:\/\/paris.wordcamp.org\/2018\/wp-json\/wp\/v2\/organizers\/282\/revisions\/2833"}],"wp:attachment":[{"href":"https:\/\/paris.wordcamp.org\/2018\/wp-json\/wp\/v2\/media?parent=282"}],"wp:term":[{"taxonomy":"wcb_organizer_team","embeddable":true,"href":"https:\/\/paris.wordcamp.org\/2018\/wp-json\/wp\/v2\/organizer_team?post=282"}],"curies":[{"name":"wp","href":"https:\/\/api.w.org\/{rel}","templated":true}]}}

Éric Martin

<p>Après un passage aux <a href="https://www.ensba-lyon.fr" target="_blank" rel="noopener">Beaux-Arts de Lyon</a>, Éric Martin a enseigné la sérigraphie à l&rsquo;<a href="http://www.ensapc.fr/fr/" target="_blank" rel="noopener">École nationale supérieure d&rsquo;arts de Paris-Cergy</a> puis travaillé comme graphiste et chef de projet sur des missions web et print dans une agence valdoisienne pendant 6 ans. Il est graphiste freelance depuis 2006.</p>
<p>Il a découvert <a href="https://wordpress.org" target="_blank" rel="noopener">WordPress</a> en 2010 et s&rsquo;appuie désormais sur ce CMS pour la création de sites web. Il intervient en tant que <a href="https://eric-martin-graphiste.info" target="_blank" rel="noopener">formateur indépendant sur WordPress</a> depuis 2015. Il aime avant tout partager ses connaissances sur ce sujet passionnant !</p>
<p>Éric Martin est un membre actif de l&rsquo;association <a href="https://wpparis.fr" target="_blank" rel="noopener">WP Paris</a>.</p>
<p>En savoir plus sur <a href="https://2018.paris.wordcamp.org/2017/12/19/eric-martin-et-la-logistique/">Éric</a>.</p>

<p>Après un passage aux Beaux-Arts de Lyon, Éric Martin a enseigné la sérigraphie à l&rsquo;École nationale supérieure d&rsquo;arts de Paris-Cergy puis travaillé comme graphiste et chef de projet sur des missions web et print dans une agence valdoisienne pendant 6 ans. Il est graphiste freelance depuis 2006. Il a découvert WordPress en 2010 et s&rsquo;appuie désormais &hellip; </p>
<p class="link-more"><a href="https://paris.wordcamp.org/2018/organizer/eric-martin/" class="more-link">Continuer la lecture<span class="screen-reader-text"> de &laquo;&nbsp;Éric Martin&nbsp;&raquo;</span></a></p>
