{"id":554,"date":"2015-09-25T22:05:57","date_gmt":"2015-09-25T20:05:57","guid":{"rendered":"https:\/\/2016.paris.wordcamp.org\/?page_id=554"},"modified":"2015-10-20T17:47:01","modified_gmt":"2015-10-20T15:47:01","slug":"le-lieu","status":"publish","type":"page","link":"https:\/\/paris.wordcamp.org\/2016\/le-lieu\/","title":{"rendered":"Le lieu"},"content":{"rendered":"<h2>Conf\u00e9rences<\/h2>\n<p>Vendredi 5 et Samedi 6 f\u00e9vrier 2016<br \/>\nDe 9h \u00e0 18h \u00e0 Paris<\/p>\n<h2><a href=\"https:\/\/2016.paris.wordcamp.org\/files\/2015\/09\/BROCHURE-CAP15-11.jpg\"><img loading=\"lazy\" decoding=\"async\" class=\"alignnone size-full wp-image-1011\" src=\"https:\/\/2016.paris.wordcamp.org\/files\/2015\/09\/BROCHURE-CAP15-11.jpg\" alt=\"BROCHURE-CAP15-1\" width=\"822\" height=\"511\" srcset=\"https:\/\/paris.wordcamp.org\/2016\/files\/2015\/09\/BROCHURE-CAP15-11.jpg 822w, https:\/\/paris.wordcamp.org\/2016\/files\/2015\/09\/BROCHURE-CAP15-11-300x186.jpg 300w, https:\/\/paris.wordcamp.org\/2016\/files\/2015\/09\/BROCHURE-CAP15-11-483x300.jpg 483w\" sizes=\"auto, (max-width: 822px) 100vw, 822px\" \/><\/a><\/h2>\n<h2>Lieu \u00ab\u00a0CAP 15\u00a0\u00bb :<\/h2>\n<p>Adresse :\u00a01-13 Quai de Grenelle &#8211; 75015 Paris<br \/>\nPlan d&rsquo;acc\u00e8s : <a href=\"http:\/\/www.cap15.com\/fr\/plan-acc%C3%A8s-situation\">www.cap15.com\/fr\/plan-acc\u00e8s-situation<\/a><\/p>\n<div class=\"googlemaps\">\n\t\t\t\t<iframe loading=\"lazy\" width=\"800\" height=\"600\" frameborder=\"0\" scrolling=\"no\" marginheight=\"0\" marginwidth=\"0\"  src=\"https:\/\/www.google.com\/maps\/embed?pb=!1m18!1m12!1m3!1d2625.2193965633896!2d2.2884132999999998!3d48.8540266!2m3!1f0!2f0!3f0!3m2!1i1024!2i768!4f13.1!3m3!1m2!1s0x47e6701cd21d7113:0x859d6549ba6955f3!2sCAP%2015!5e0!3m2!1sfr!2sfr!4v1443211807454\"><\/iframe>\n\t\t\t<\/div>\n<h3>Venir en transport<\/h3>\n<p><a href=\"http:\/\/www.ratp.fr\/informer\/pdf\/orienter\/f_plan.php?nompdf=m6\">M\u00e9tro ligne 6<\/a> : Station Bir-Hakeim<br \/>\n<a href=\"http:\/\/www.transilien.com\/itineraire\/ligne\/init?codeLigne=C\">RER C<\/a> : Champ de Mars Tour Eiffel<\/p>\n<h3>Venir en voiture<\/h3>\n<p>Suivre les quais rive gauche.<br \/>\nIl y a un parking sous l&rsquo;immeuble.<\/p>\n","protected":false},"excerpt":{"rendered":"<p>Conf\u00e9rences Vendredi 5 et Samedi 6 f\u00e9vrier 2016 De 9h \u00e0 18h \u00e0 Paris Lieu \u00ab\u00a0CAP 15\u00a0\u00bb : Adresse :\u00a01-13 Quai de Grenelle &#8211; 75015 Paris Plan d&rsquo;acc\u00e8s : www.cap15.com\/fr\/plan-acc\u00e8s-situation Venir en transport M\u00e9tro ligne 6 : Station Bir-Hakeim RER C : Champ de Mars Tour Eiffel Venir en voiture Suivre les quais rive gauche. &hellip; <a href=\"https:\/\/paris.wordcamp.org\/2016\/le-lieu\/\" class=\"more-link\">Continuer la lecture de <span class=\"screen-reader-text\">Le lieu<\/span>  <span class=\"meta-nav\">&rarr;<\/span><\/a><\/p>\n","protected":false},"author":11552840,"featured_media":384,"parent":0,"menu_order":0,"comment_status":"closed","ping_status":"closed","template":"","meta":{"jetpack_post_was_ever_published":false,"footnotes":""},"class_list":["post-554","page","type-page","status-publish","has-post-thumbnail","hentry"],"jetpack_sharing_enabled":true,"jetpack_shortlink":"https:\/\/wp.me\/P6xjzJ-8W","_links":{"self":[{"href":"https:\/\/paris.wordcamp.org\/2016\/wp-json\/wp\/v2\/pages\/554","targetHints":{"allow":["GET"]}}],"collection":[{"href":"https:\/\/paris.wordcamp.org\/2016\/wp-json\/wp\/v2\/pages"}],"about":[{"href":"https:\/\/paris.wordcamp.org\/2016\/wp-json\/wp\/v2\/types\/page"}],"author":[{"embeddable":true,"href":"https:\/\/paris.wordcamp.org\/2016\/wp-json\/wp\/v2\/users\/11552840"}],"replies":[{"embeddable":true,"href":"https:\/\/paris.wordcamp.org\/2016\/wp-json\/wp\/v2\/comments?post=554"}],"version-history":[{"count":12,"href":"https:\/\/paris.wordcamp.org\/2016\/wp-json\/wp\/v2\/pages\/554\/revisions"}],"predecessor-version":[{"id":1012,"href":"https:\/\/paris.wordcamp.org\/2016\/wp-json\/wp\/v2\/pages\/554\/revisions\/1012"}],"wp:featuredmedia":[{"embeddable":true,"href":"https:\/\/paris.wordcamp.org\/2016\/wp-json\/wp\/v2\/media\/384"}],"wp:attachment":[{"href":"https:\/\/paris.wordcamp.org\/2016\/wp-json\/wp\/v2\/media?parent=554"}],"curies":[{"name":"wp","href":"https:\/\/api.w.org\/{rel}","templated":true}]}}