{"id":54,"date":"2014-07-05T19:00:14","date_gmt":"2014-07-05T17:00:14","guid":{"rendered":"https:\/\/2015.paris.wordcamp.org\/?page_id=54"},"modified":"2014-10-09T11:55:35","modified_gmt":"2014-10-09T09:55:35","slug":"accueil","status":"publish","type":"page","link":"https:\/\/paris.wordcamp.org\/2015\/accueil\/","title":{"rendered":"Accueil"},"content":{"rendered":"<p>Le <strong>WordCamp Paris 2015<\/strong> sera la 4e \u00e9dition parisienne de la conf\u00e9rence WordCamp.<\/p>\n<p>Technique, design, contenu, business. L\u2019\u00e9v\u00e9nement incontournable autour du <strong>CMS WordPress<\/strong> et de sa communaut\u00e9 revient \u00e0 Paris au d\u00e9but de l&rsquo;ann\u00e9e 2015, les <strong>23 et 24 janvier<\/strong>.<\/p>\n<p>Pour tout savoir sur les dates et lieux, <a title=\"Les dates et les lieux du WordCamp Paris 2015\" href=\"https:\/\/2015.paris.wordcamp.org\/dates-lieux-wordcamp-paris-2015\/\">rendez-vous ici<\/a> !<\/p>\n","protected":false},"excerpt":{"rendered":"<p>Le WordCamp Paris 2015 sera la 4e \u00e9dition parisienne de la conf\u00e9rence WordCamp. Technique, design, contenu, business. L\u2019\u00e9v\u00e9nement incontournable autour du CMS WordPress et de sa communaut\u00e9 revient \u00e0 Paris au d\u00e9but de l&rsquo;ann\u00e9e 2015, les 23 et 24 janvier. Pour tout savoir sur les dates et lieux, rendez-vous ici !<\/p>\n","protected":false},"author":7445838,"featured_media":0,"parent":0,"menu_order":0,"comment_status":"open","ping_status":"open","template":"page-templates\/front-page.php","meta":{"jetpack_post_was_ever_published":false,"footnotes":""},"class_list":["post-54","page","type-page","status-publish","hentry"],"jetpack_sharing_enabled":true,"_links":{"self":[{"href":"https:\/\/paris.wordcamp.org\/2015\/wp-json\/wp\/v2\/pages\/54","targetHints":{"allow":["GET"]}}],"collection":[{"href":"https:\/\/paris.wordcamp.org\/2015\/wp-json\/wp\/v2\/pages"}],"about":[{"href":"https:\/\/paris.wordcamp.org\/2015\/wp-json\/wp\/v2\/types\/page"}],"author":[{"embeddable":true,"href":"https:\/\/paris.wordcamp.org\/2015\/wp-json\/wp\/v2\/users\/7445838"}],"replies":[{"embeddable":true,"href":"https:\/\/paris.wordcamp.org\/2015\/wp-json\/wp\/v2\/comments?post=54"}],"version-history":[{"count":7,"href":"https:\/\/paris.wordcamp.org\/2015\/wp-json\/wp\/v2\/pages\/54\/revisions"}],"predecessor-version":[{"id":145,"href":"https:\/\/paris.wordcamp.org\/2015\/wp-json\/wp\/v2\/pages\/54\/revisions\/145"}],"wp:attachment":[{"href":"https:\/\/paris.wordcamp.org\/2015\/wp-json\/wp\/v2\/media?parent=54"}],"curies":[{"name":"wp","href":"https:\/\/api.w.org\/{rel}","templated":true}]}}