{"id":115,"date":"2014-11-19T14:45:50","date_gmt":"2014-11-19T13:45:50","guid":{"rendered":"https:\/\/2015.paris.wordcamp.org\/?page_id=115"},"modified":"2014-11-24T12:56:35","modified_gmt":"2014-11-24T11:56:35","slug":"badges","status":"publish","type":"page","link":"https:\/\/paris.wordcamp.org\/2015\/badges\/","title":{"rendered":"Buzz"},"content":{"rendered":"<p>Le compte Twitter \u00e0 suivre : <a href=\"http:\/\/twitter.com\/WordCampParis\" target=\"_blank\">@WordCampParis<\/a><\/p>\n<p>Le hashtag de l&rsquo;\u00e9v\u00e9nement : <a href=\"https:\/\/twitter.com\/search?q=%23WCParis\" target=\"_blank\">#WCParis<\/a><\/p>\n<h2>Vous serez au WordCamp Paris 2015 les 23\u00a0et 24\u00a0janvier ? Dites-le avec une banni\u00e8re !<\/h2>\n<div class=\"badge-container clearfix\">\n<h2>J&rsquo;y serai !<\/h2>\n<div class=\"badge\"><img decoding=\"async\" class=\"alignleft size-medium\" src=\"https:\/\/2015.paris.wordcamp.org\/files\/2014\/11\/250-250.jpg\" alt=\"\" \/><\/div>\n<div class=\"badge-embed\"><textarea class=\"embed\" cols=\"35\" name=\"badge-embed\" rows=\"4\">&lt;a href=&quot;https:\/\/2015.paris.wordcamp.org\/&quot;&gt;&lt;img src=&quot;https:\/\/2015.paris.wordcamp.org\/files\/2014\/11\/250-250.jpg&quot; alt=&quot;WordCamp Paris 2015, J&rsquo;y serai ! Et vous ?&quot; width=&quot;250&quot; height=&quot;250&quot; \/&gt;&lt;\/a&gt;<\/textarea><\/div>\n<\/div>\n<div class=\"badge-container clearfix\">\n<div class=\"badge\"><img decoding=\"async\" class=\"alignleft size-medium\" src=\"https:\/\/2015.paris.wordcamp.org\/files\/2014\/11\/468-60.jpg\" alt=\"\" \/><\/div>\n<div class=\"badge-embed\"><textarea class=\"embed\" cols=\"35\" name=\"badge-embed\" rows=\"4\">&lt;a href=&quot;https:\/\/2015.paris.wordcamp.org\/&quot;&gt;&lt;img src=&quot;https:\/\/2015.paris.wordcamp.org\/files\/2014\/11\/468-60.jpg&quot; alt=&quot;WordCamp Paris 2015, J&rsquo;y serai ! Et vous ?&quot; width=&quot;468&quot; height=&quot;60&quot; \/&gt;&lt;\/a&gt;<\/textarea><\/div>\n<\/div>\n<div class=\"badge-container clearfix\"><\/div>\n","protected":false},"excerpt":{"rendered":"<p>Le compte Twitter \u00e0 suivre : @WordCampParis Le hashtag de l&rsquo;\u00e9v\u00e9nement : #WCParis Vous serez au WordCamp Paris 2015 les 23\u00a0et 24\u00a0janvier ? Dites-le avec une banni\u00e8re ! J&rsquo;y serai ! &lt;a href=&quot;https:\/\/2015.paris.wordcamp.org\/&quot;&gt;&lt;img src=&quot;https:\/\/2015.paris.wordcamp.org\/files\/2014\/11\/250-250.jpg&quot; alt=&quot;WordCamp Paris 2015, J&rsquo;y serai ! Et vous ?&quot; width=&quot;250&quot; height=&quot;250&quot; \/&gt;&lt;\/a&gt; &lt;a href=&quot;https:\/\/2015.paris.wordcamp.org\/&quot;&gt;&lt;img src=&quot;https:\/\/2015.paris.wordcamp.org\/files\/2014\/11\/468-60.jpg&quot; alt=&quot;WordCamp Paris 2015, J&rsquo;y serai ! [&hellip;]<\/p>\n","protected":false},"author":7445838,"featured_media":0,"parent":0,"menu_order":0,"comment_status":"closed","ping_status":"closed","template":"","meta":{"jetpack_post_was_ever_published":false,"footnotes":""},"class_list":["post-115","page","type-page","status-publish","hentry"],"jetpack_sharing_enabled":true,"_links":{"self":[{"href":"https:\/\/paris.wordcamp.org\/2015\/wp-json\/wp\/v2\/pages\/115","targetHints":{"allow":["GET"]}}],"collection":[{"href":"https:\/\/paris.wordcamp.org\/2015\/wp-json\/wp\/v2\/pages"}],"about":[{"href":"https:\/\/paris.wordcamp.org\/2015\/wp-json\/wp\/v2\/types\/page"}],"author":[{"embeddable":true,"href":"https:\/\/paris.wordcamp.org\/2015\/wp-json\/wp\/v2\/users\/7445838"}],"replies":[{"embeddable":true,"href":"https:\/\/paris.wordcamp.org\/2015\/wp-json\/wp\/v2\/comments?post=115"}],"version-history":[{"count":29,"href":"https:\/\/paris.wordcamp.org\/2015\/wp-json\/wp\/v2\/pages\/115\/revisions"}],"predecessor-version":[{"id":536,"href":"https:\/\/paris.wordcamp.org\/2015\/wp-json\/wp\/v2\/pages\/115\/revisions\/536"}],"wp:attachment":[{"href":"https:\/\/paris.wordcamp.org\/2015\/wp-json\/wp\/v2\/media?parent=115"}],"curies":[{"name":"wp","href":"https:\/\/api.w.org\/{rel}","templated":true}]}}