{"id":80,"date":"2014-09-05T15:22:50","date_gmt":"2014-09-05T13:22:50","guid":{"rendered":"https:\/\/2015.paris.wordcamp.org\/?post_type=wcb_organizer&#038;p=80"},"modified":"2014-10-08T22:13:56","modified_gmt":"2014-10-08T20:13:56","slug":"adrian-koss","status":"publish","type":"wcb_organizer","link":"https:\/\/paris.wordcamp.org\/2015\/organizer\/adrian-koss\/","title":{"rendered":"Adrian Koss"},"content":{"rendered":"<p>N\u00e9 en Argentine en 1979, j&rsquo;ai commenc\u00e9 l&rsquo;\u00e9cole en Isra\u00ebl. Je parlais espagnol \u00e0 la maison, h\u00e9breu en classe. J&rsquo;ai d\u00e9barqu\u00e9 \u00e0 Paris en 1984&#8230; Et depuis j&rsquo;ai perdu l&rsquo;h\u00e9breu&#8230; Par la suite j&rsquo;ai pass\u00e9 mon enfance dans le Val d&rsquo;Oise. Mes meilleurs souvenirs s&rsquo;appellent Amiga 500, Megadrive et Palm.<\/p>\n<p>Web et UX designer depuis 2002, je me suis sp\u00e9cialis\u00e9 dans la r\u00e9alisation de sites de presse. Au sein du Groupe Moniteur depuis 2007, j&rsquo;ai particip\u00e9 \u00e0 la conception et l&rsquo;\u00e9volution de LaGazette.fr, site de r\u00e9f\u00e9rence dans le secteur des collectivit\u00e9s locales. Ce site, enti\u00e8rement propuls\u00e9 par WordPress, m&rsquo;a donn\u00e9 la chance d&rsquo;en apprendre beaucoup sur ce CMS.<\/p>\n<p>J&rsquo;exerce par ailleurs dans la vid\u00e9o, comme cadreur, monteur et motion designer. Et depuis 2012 j&rsquo;ai d\u00e9velopp\u00e9 le design d&rsquo;une application mobile pour iOS et Andro\u00efd, toujours pour LaGazette.fr.<\/p>\n<p>Je fais \u00e9galement de la photo (http:\/\/500px.com\/korido), j&rsquo;aime les films de SF, et je milite dans diverses organisations&#8230; pour construire un monde meilleur.<\/p>\n","protected":false},"excerpt":{"rendered":"<p>N\u00e9 en Argentine en 1979, j&rsquo;ai commenc\u00e9 l&rsquo;\u00e9cole en Isra\u00ebl. Je parlais espagnol \u00e0 la maison, h\u00e9breu en classe. J&rsquo;ai d\u00e9barqu\u00e9 \u00e0 Paris en 1984&#8230; Et depuis j&rsquo;ai perdu l&rsquo;h\u00e9breu&#8230; Par la suite j&rsquo;ai pass\u00e9 mon enfance dans le Val d&rsquo;Oise. Mes meilleurs souvenirs s&rsquo;appellent Amiga 500, Megadrive et Palm. Web et UX designer depuis [&hellip;]<\/p>\n","protected":false},"featured_media":0,"template":"","meta":{"_crdt_document":"","jetpack_post_was_ever_published":false,"_wcpt_user_name":"","footnotes":""},"organizer_team":[],"class_list":["post-80","wcb_organizer","type-wcb_organizer","status-publish","hentry"],"jetpack_sharing_enabled":true,"avatar_urls":{"24":"https:\/\/secure.gravatar.com\/avatar\/?s=24&d=mm&r=g","48":"https:\/\/secure.gravatar.com\/avatar\/?s=48&d=mm&r=g","96":"https:\/\/secure.gravatar.com\/avatar\/?s=96&d=mm&r=g","128":"https:\/\/secure.gravatar.com\/avatar\/?s=128&d=mm&r=g","256":"https:\/\/secure.gravatar.com\/avatar\/?s=256&d=mm&r=g","512":"https:\/\/secure.gravatar.com\/avatar\/?s=512&d=mm&r=g"},"_links":{"self":[{"href":"https:\/\/paris.wordcamp.org\/2015\/wp-json\/wp\/v2\/organizers\/80","targetHints":{"allow":["GET"]}}],"collection":[{"href":"https:\/\/paris.wordcamp.org\/2015\/wp-json\/wp\/v2\/organizers"}],"about":[{"href":"https:\/\/paris.wordcamp.org\/2015\/wp-json\/wp\/v2\/types\/wcb_organizer"}],"version-history":[{"count":2,"href":"https:\/\/paris.wordcamp.org\/2015\/wp-json\/wp\/v2\/organizers\/80\/revisions"}],"predecessor-version":[{"id":137,"href":"https:\/\/paris.wordcamp.org\/2015\/wp-json\/wp\/v2\/organizers\/80\/revisions\/137"}],"wp:attachment":[{"href":"https:\/\/paris.wordcamp.org\/2015\/wp-json\/wp\/v2\/media?parent=80"}],"wp:term":[{"taxonomy":"wcb_organizer_team","embeddable":true,"href":"https:\/\/paris.wordcamp.org\/2015\/wp-json\/wp\/v2\/organizer_team?post=80"}],"curies":[{"name":"wp","href":"https:\/\/api.w.org\/{rel}","templated":true}]}}

<p>Né en Argentine en 1979, j&rsquo;ai commencé l&rsquo;école en Israël. Je parlais espagnol à la maison, hébreu en classe. J&rsquo;ai débarqué à Paris en 1984&#8230; Et depuis j&rsquo;ai perdu l&rsquo;hébreu&#8230; Par la suite j&rsquo;ai passé mon enfance dans le Val d&rsquo;Oise. Mes meilleurs souvenirs s&rsquo;appellent Amiga 500, Megadrive et Palm.</p>
<p>Web et UX designer depuis 2002, je me suis spécialisé dans la réalisation de sites de presse. Au sein du Groupe Moniteur depuis 2007, j&rsquo;ai participé à la conception et l&rsquo;évolution de LaGazette.fr, site de référence dans le secteur des collectivités locales. Ce site, entièrement propulsé par WordPress, m&rsquo;a donné la chance d&rsquo;en apprendre beaucoup sur ce CMS.</p>
<p>J&rsquo;exerce par ailleurs dans la vidéo, comme cadreur, monteur et motion designer. Et depuis 2012 j&rsquo;ai développé le design d&rsquo;une application mobile pour iOS et Androïd, toujours pour LaGazette.fr.</p>
<p>Je fais également de la photo (http://500px.com/korido), j&rsquo;aime les films de SF, et je milite dans diverses organisations&#8230; pour construire un monde meilleur.</p>

<p>Né en Argentine en 1979, j&rsquo;ai commencé l&rsquo;école en Israël. Je parlais espagnol à la maison, hébreu en classe. J&rsquo;ai débarqué à Paris en 1984&#8230; Et depuis j&rsquo;ai perdu l&rsquo;hébreu&#8230; Par la suite j&rsquo;ai passé mon enfance dans le Val d&rsquo;Oise. Mes meilleurs souvenirs s&rsquo;appellent Amiga 500, Megadrive et Palm. Web et UX designer depuis [&hellip;]</p>
