{"id":334900,"date":"2013-12-17T16:54:19","date_gmt":"2013-12-17T15:54:19","guid":{"rendered":"https:\/\/2014.paris.wordcamp.org\/?post_type=wcb_sponsor&#038;p=334900"},"modified":"2013-12-17T16:54:19","modified_gmt":"2013-12-17T15:54:19","slug":"themes-de-france","status":"publish","type":"wcb_sponsor","link":"https:\/\/paris.wordcamp.org\/2014\/sponsor\/themes-de-france\/","title":{"rendered":"Th\u00e8mes de France"},"content":{"rendered":"<p><a href=\"http:\/\/www.themesdefrance.fr\/\" rel=\"nofollow\"><img loading=\"lazy\" decoding=\"async\" class=\"alignnone size-medium wp-image-339689\" alt=\"themesdefrance\" src=\"https:\/\/2014.paris.wordcamp.org\/files\/2013\/12\/themesdefrance-300x95.png\" width=\"300\" height=\"95\" srcset=\"https:\/\/paris.wordcamp.org\/2014\/files\/2013\/12\/themesdefrance-300x95.png 300w, https:\/\/paris.wordcamp.org\/2014\/files\/2013\/12\/themesdefrance-1024x326.png 1024w, https:\/\/paris.wordcamp.org\/2014\/files\/2013\/12\/themesdefrance.png 1230w\" sizes=\"auto, (max-width: 300px) 100vw, 300px\" \/><\/a><\/p>\n<p>Alexandre Bortolotti a lanc\u00e9 le blog <a href=\"http:\/\/wp-themes-pro.com\/\" rel=\"nofollow\">WP Themes Pro<\/a> en f\u00e9vrier 2011 afin d&rsquo;aider un maximum de personnes \u00e0 cr\u00e9er leur site avec WordPress. On peut y trouver des tutoriels relatifs \u00e0 WordPress et des s\u00e9lections de th\u00e8mes afin de d\u00e9nicher la perle rare.<\/p>\n<p>Plus r\u00e9cemment, Alexandre a lanc\u00e9 <a href=\"http:\/\/www.themesdefrance.fr\/\" rel=\"nofollow\">Th\u00e8mes de France<\/a>, une boutique de th\u00e8mes WordPress exclusivement en fran\u00e7ais (l&rsquo;administration, la documentation et le support le sont \u00e9galement).<\/p>\n","protected":false},"excerpt":{"rendered":"<p>Alexandre Bortolotti a lanc\u00e9 le blog WP Themes Pro en f\u00e9vrier 2011 afin d&rsquo;aider un maximum de personnes \u00e0 cr\u00e9er leur site avec WordPress. On peut y trouver des tutoriels relatifs \u00e0 WordPress et des s\u00e9lections de th\u00e8mes afin de d\u00e9nicher la perle rare. Plus r\u00e9cemment, Alexandre a lanc\u00e9 Th\u00e8mes de France, une boutique de &hellip; <a href=\"https:\/\/paris.wordcamp.org\/2014\/sponsor\/themes-de-france\/\" class=\"more-link\">Continuer la lecture de <span class=\"screen-reader-text\">Th\u00e8mes de France<\/span> <span class=\"meta-nav\">&rarr;<\/span><\/a><\/p>\n","protected":false},"featured_media":0,"template":"","meta":{"_crdt_document":"","jetpack_post_was_ever_published":false,"_wcpt_sponsor_website":"","footnotes":""},"sponsor_level":[4042],"class_list":["post-334900","wcb_sponsor","type-wcb_sponsor","status-publish","hentry","wcb_sponsor_level-micro"],"jetpack_sharing_enabled":true,"_links":{"self":[{"href":"https:\/\/paris.wordcamp.org\/2014\/wp-json\/wp\/v2\/sponsors\/334900","targetHints":{"allow":["GET"]}}],"collection":[{"href":"https:\/\/paris.wordcamp.org\/2014\/wp-json\/wp\/v2\/sponsors"}],"about":[{"href":"https:\/\/paris.wordcamp.org\/2014\/wp-json\/wp\/v2\/types\/wcb_sponsor"}],"version-history":[{"count":3,"href":"https:\/\/paris.wordcamp.org\/2014\/wp-json\/wp\/v2\/sponsors\/334900\/revisions"}],"predecessor-version":[{"id":339690,"href":"https:\/\/paris.wordcamp.org\/2014\/wp-json\/wp\/v2\/sponsors\/334900\/revisions\/339690"}],"wp:attachment":[{"href":"https:\/\/paris.wordcamp.org\/2014\/wp-json\/wp\/v2\/media?parent=334900"}],"wp:term":[{"taxonomy":"wcb_sponsor_level","embeddable":true,"href":"https:\/\/paris.wordcamp.org\/2014\/wp-json\/wp\/v2\/sponsor_level?post=334900"}],"curies":[{"name":"wp","href":"https:\/\/api.w.org\/{rel}","templated":true}]}}

Thèmes de France

<p><a href="http://www.themesdefrance.fr/" rel="nofollow"><img loading="lazy" decoding="async" class="alignnone size-medium wp-image-339689" alt="themesdefrance" src="https://2014.paris.wordcamp.org/files/2013/12/themesdefrance-300x95.png" width="300" height="95" srcset="https://paris.wordcamp.org/2014/files/2013/12/themesdefrance-300x95.png 300w, https://paris.wordcamp.org/2014/files/2013/12/themesdefrance-1024x326.png 1024w, https://paris.wordcamp.org/2014/files/2013/12/themesdefrance.png 1230w" sizes="auto, (max-width: 300px) 100vw, 300px" /></a></p>
<p>Alexandre Bortolotti a lancé le blog <a href="http://wp-themes-pro.com/" rel="nofollow">WP Themes Pro</a> en février 2011 afin d&rsquo;aider un maximum de personnes à créer leur site avec WordPress. On peut y trouver des tutoriels relatifs à WordPress et des sélections de thèmes afin de dénicher la perle rare.</p>
<p>Plus récemment, Alexandre a lancé <a href="http://www.themesdefrance.fr/" rel="nofollow">Thèmes de France</a>, une boutique de thèmes WordPress exclusivement en français (l&rsquo;administration, la documentation et le support le sont également).</p>

<p>Alexandre Bortolotti a lancé le blog WP Themes Pro en février 2011 afin d&rsquo;aider un maximum de personnes à créer leur site avec WordPress. On peut y trouver des tutoriels relatifs à WordPress et des sélections de thèmes afin de dénicher la perle rare. Plus récemment, Alexandre a lancé Thèmes de France, une boutique de &hellip; <a href="https://paris.wordcamp.org/2014/sponsor/themes-de-france/" class="more-link">Continuer la lecture de <span class="screen-reader-text">Thèmes de France</span> <span class="meta-nav">&rarr;</span></a></p>
