{"id":206,"date":"2012-12-20T21:51:52","date_gmt":"2012-12-20T20:51:52","guid":{"rendered":"https:\/\/2013.paris.wordcamp.org\/?page_id=206"},"modified":"2013-01-10T10:14:03","modified_gmt":"2013-01-10T09:14:03","slug":"studios-singuliers","status":"publish","type":"page","link":"https:\/\/paris.wordcamp.org\/2013\/les-salles\/studios-singuliers\/","title":{"rendered":"Studios Singuliers"},"content":{"rendered":"<p>Studios Singuliers, espace de coworking situ\u00e9 \u00e0 Paris 18, met \u00e0 disposition un espace de travail collaboratif et un r\u00e9seau d\u2019\u00e9changes professionnels au coeur de l\u2019h\u00f4tel d\u2019entreprises Paris R\u00e9gion Innovation Nord Express.<\/p>\n<p><img loading=\"lazy\" decoding=\"async\" data-attachment-id=\"225\" data-permalink=\"https:\/\/paris.wordcamp.org\/2013\/les-salles\/studios-singuliers\/img_0088-web-600x360\/\" data-orig-file=\"https:\/\/paris.wordcamp.org\/2013\/files\/2012\/12\/IMG_0088-web-600x360.jpg\" data-orig-size=\"600,360\" data-comments-opened=\"1\" data-image-meta=\"{&quot;aperture&quot;:&quot;0&quot;,&quot;credit&quot;:&quot;&quot;,&quot;camera&quot;:&quot;&quot;,&quot;caption&quot;:&quot;&quot;,&quot;created_timestamp&quot;:&quot;0&quot;,&quot;copyright&quot;:&quot;&quot;,&quot;focal_length&quot;:&quot;0&quot;,&quot;iso&quot;:&quot;0&quot;,&quot;shutter_speed&quot;:&quot;0&quot;,&quot;title&quot;:&quot;&quot;}\" data-image-title=\"IMG_0088-web-600&amp;#215;360\" data-image-description=\"\" data-image-caption=\"\" data-medium-file=\"https:\/\/paris.wordcamp.org\/2013\/files\/2012\/12\/IMG_0088-web-600x360-300x180.jpg\" data-large-file=\"https:\/\/paris.wordcamp.org\/2013\/files\/2012\/12\/IMG_0088-web-600x360.jpg\" class=\"aligncenter size-full wp-image-225\" alt=\"IMG_0088-web-600x360\" src=\"https:\/\/2013.paris.wordcamp.org\/files\/2012\/12\/IMG_0088-web-600x360.jpg\" width=\"600\" height=\"360\" srcset=\"https:\/\/paris.wordcamp.org\/2013\/files\/2012\/12\/IMG_0088-web-600x360.jpg 600w, https:\/\/paris.wordcamp.org\/2013\/files\/2012\/12\/IMG_0088-web-600x360-300x180.jpg 300w\" sizes=\"auto, (max-width: 600px) 100vw, 600px\" \/><\/p>\n<p>Le site internet :\u00a0<a href=\"http:\/\/www.studios-singuliers.fr\/\">www.studios-singuliers.fr<\/a>.<\/p>\n<h3>Plan d&rsquo;acc\u00e8s<\/h3>\n<p>110, rue des poissonniers, 75018 Paris \/\/ (B\u00e2timent au fond de l\u2019impasse) \u00c9tage -1 \/\/ Bureau 701<\/p>\n<div class=\"googlemaps\">\n\t\t\t\t<iframe loading=\"lazy\" width=\"425\" height=\"350\" frameborder=\"0\" scrolling=\"no\" marginheight=\"0\" marginwidth=\"0\"  src=\"https:\/\/maps.google.fr\/maps?f=q&#038;source=s_q&#038;hl=en&#038;geocode=&#038;q=110%20Rue%20des%20Poissonniers,%20Paris&#038;aq=0&#038;oq=110%20rue%20des%20Poissonniers&#038;sll=48.824086,2.372354&#038;sspn=0.010878,0.022166&#038;ie=UTF8&#038;hnear=110%20Rue%20des%20Poissonniers,%2075018%20Paris,%20\u00cele-de-France&#038;t=m&#038;z=14&#038;ll=48.893912,2.353928&#038;output=embed\"><\/iframe>\n\t\t\t<\/div>\n","protected":false},"excerpt":{"rendered":"<p>Studios Singuliers, espace de coworking situ\u00e9 \u00e0 Paris 18, met \u00e0 disposition un espace de travail collaboratif et un r\u00e9seau d\u2019\u00e9changes professionnels au coeur de l\u2019h\u00f4tel d\u2019entreprises Paris R\u00e9gion Innovation Nord Express. Le site internet :\u00a0www.studios-singuliers.fr. Plan d&rsquo;acc\u00e8s 110, rue &hellip; <a href=\"https:\/\/paris.wordcamp.org\/2013\/les-salles\/studios-singuliers\/\">Continuer la lecture <span class=\"screen-reader-text\">Studios Singuliers<\/span>  <span class=\"meta-nav\">&rarr;<\/span><\/a><\/p>\n","protected":false},"author":161212,"featured_media":0,"parent":203,"menu_order":0,"comment_status":"closed","ping_status":"closed","template":"","meta":{"jetpack_post_was_ever_published":false,"footnotes":""},"class_list":["post-206","page","type-page","status-publish","hentry"],"jetpack_sharing_enabled":true,"jetpack_shortlink":"https:\/\/wp.me\/P2ExcP-3k","_links":{"self":[{"href":"https:\/\/paris.wordcamp.org\/2013\/wp-json\/wp\/v2\/pages\/206","targetHints":{"allow":["GET"]}}],"collection":[{"href":"https:\/\/paris.wordcamp.org\/2013\/wp-json\/wp\/v2\/pages"}],"about":[{"href":"https:\/\/paris.wordcamp.org\/2013\/wp-json\/wp\/v2\/types\/page"}],"author":[{"embeddable":true,"href":"https:\/\/paris.wordcamp.org\/2013\/wp-json\/wp\/v2\/users\/161212"}],"replies":[{"embeddable":true,"href":"https:\/\/paris.wordcamp.org\/2013\/wp-json\/wp\/v2\/comments?post=206"}],"version-history":[{"count":7,"href":"https:\/\/paris.wordcamp.org\/2013\/wp-json\/wp\/v2\/pages\/206\/revisions"}],"predecessor-version":[{"id":223,"href":"https:\/\/paris.wordcamp.org\/2013\/wp-json\/wp\/v2\/pages\/206\/revisions\/223"}],"up":[{"embeddable":true,"href":"https:\/\/paris.wordcamp.org\/2013\/wp-json\/wp\/v2\/pages\/203"}],"wp:attachment":[{"href":"https:\/\/paris.wordcamp.org\/2013\/wp-json\/wp\/v2\/media?parent=206"}],"curies":[{"name":"wp","href":"https:\/\/api.w.org\/{rel}","templated":true}]}}