{"id":2,"date":"2012-08-08T23:49:32","date_gmt":"2012-08-08T23:49:32","guid":{"rendered":"http:\/\/2012-paris.wordcamp.org\/?page_id=2"},"modified":"2013-01-10T10:18:03","modified_gmt":"2013-01-10T09:18:03","slug":"sample-page","status":"publish","type":"page","link":"https:\/\/paris.wordcamp.org\/2013\/","title":{"rendered":"Informations"},"content":{"rendered":"<h2>Dates<\/h2>\n<p>Du <a href=\"https:\/\/2013.paris.wordcamp.org\/programme\/vendredi-18-janvier\/\">vendredi 18 janvier<\/a> au <a href=\"https:\/\/2013.paris.wordcamp.org\/programme\/samedi-19-janvier\/\">samedi 19 janvier 2013<\/a>.<\/p>\n<h2>Lieux<\/h2>\n<p><a href=\"https:\/\/2013.paris.wordcamp.org\/programme\/vendredi-18-janvier\/\">Le vendredi<\/a> : <a href=\"https:\/\/2013.paris.wordcamp.org\/les-salles\/mas\/\">La MAS (Maison des Associations de Solidarit\u00e9)<\/a>, 10 rue des Terres au Cur\u00e9, dans le XIIIe arrondissement (<a href=\"https:\/\/maps.google.fr\/maps?q=10+Rue+des+Terres+au+Cure,+Paris&amp;hl=en&amp;ie=UTF8&amp;sll=48.824086,2.372354&amp;sspn=0.010878,0.022166&amp;oq=10+rue+des+Terres+au+Cur%C3%A9,&amp;hnear=10+Rue+des+Terres+au+Cure,+75013+Paris,+%C3%8Ele-de-France&amp;t=m&amp;z=16\">carte<\/a>). M\u00e9tro Porte d\u2019Ivry (ligne 7, Tram T3) ou Olympiades ligne 14).<\/p>\n<p><a href=\"https:\/\/2013.paris.wordcamp.org\/programme\/samedi-19-janvier\/\">Le samedi<\/a> : L\u2019espace de co-working <a href=\"https:\/\/2013.paris.wordcamp.org\/les-salles\/studios-singuliers\/\">Studios Singuliers<\/a>, 110 rue des Poissonniers, dans le XVIIIe arrondissement (<a href=\"https:\/\/maps.google.fr\/maps?q=110+Rue+des+Poissonniers,+Paris&amp;hl=en&amp;ie=UTF8&amp;sll=48.824086,2.372354&amp;sspn=0.010878,0.022166&amp;oq=110+rue+des+Poissonniers&amp;hnear=110+Rue+des+Poissonniers,+75018+Paris,+%C3%8Ele-de-France&amp;t=m&amp;z=16\">carte<\/a>). M\u00e9tro Marcadet \u2013 Poissonniers (lignes 4 et 12).<\/p>\n<h2>Programme<\/h2>\n<p><a href=\"https:\/\/2013.paris.wordcamp.org\/programme\/vendredi-18-janvier\/\">Vendredi<\/a> : journ\u00e9e de conf\u00e9rence, avec comme orateurs&#8230;<\/p>\n<ul>\n<li><a href=\"https:\/\/2013.paris.wordcamp.org\/orateurs\/#mathieu-viet-2\">Mathieu Viet<\/a> : \u00ab <a href=\"https:\/\/2013.paris.wordcamp.org\/session\/buddypress-lutilisateur-au-coeur\/\">BuddyPress, l\u2019utilisateur au c\u0153ur<\/a> \u00bb<\/li>\n<li><a href=\"https:\/\/2013.paris.wordcamp.org\/orateurs\/#daniel-roch\">Daniel Roch<\/a> : \u00ab <a href=\"https:\/\/2013.paris.wordcamp.org\/session\/wordpress-et-le-referencement-naturel\/\">WordPress et le r\u00e9f\u00e9rencement naturel<\/a> \u00bb<\/li>\n<li><a href=\"https:\/\/2013.paris.wordcamp.org\/orateurs\/#remi-corson\">R\u00e9mi Corson<\/a> : \u00ab <a href=\"https:\/\/2013.paris.wordcamp.org\/session\/utilisation-de-lexistant-sous-wordpress\/\">Utilisation de l\u2019existant sous WordPress<\/a> \u00bb<\/li>\n<li><a href=\"https:\/\/2013.paris.wordcamp.org\/orateurs\/#gilles-vauvarin\">Gilles Vauvarin<\/a> : \u00ab <a href=\"https:\/\/2013.paris.wordcamp.org\/session\/demystifier-wordpress-multisite\/\">D\u00e9mystifier WordPress Multisite<\/a> \u00bb<\/li>\n<li><a href=\"https:\/\/2013.paris.wordcamp.org\/orateurs\/#fabrice-ducarme\">Fabrice Ducarme<\/a> : \u00ab <a href=\"https:\/\/2013.paris.wordcamp.org\/session\/wordpress-et-le-e-commerce\/\">WordPress et le e-commerce<\/a> \u00bb<\/li>\n<li><a href=\"https:\/\/2013.paris.wordcamp.org\/orateurs\/#julio-potier\">Julio Potier<\/a> : \u00ab <a href=\"https:\/\/2013.paris.wordcamp.org\/session\/10-facons-de-casser-son-site-wordpress-et-de-le-reparer\/\">10 fa\u00e7ons de casser son site WordPress et de le r\u00e9parer<\/a> \u00bb<\/li>\n<li><a href=\"https:\/\/2013.paris.wordcamp.org\/orateurs\/#fred-neau\">Fred Neau<\/a> : \u00ab <a href=\"https:\/\/2013.paris.wordcamp.org\/session\/un-nuage-de-politique\/\">Un nuage de politique<\/a> \u00bb<\/li>\n<\/ul>\n<p><a href=\"https:\/\/2013.paris.wordcamp.org\/programme\/samedi-19-janvier\/\">Samedi<\/a> : journ\u00e9e communautaire, m\u00e9lange de barcamp, hackday, lightning talks et ateliers.<\/p>\n<h2>Prix<\/h2>\n<ul>\n<li>Pack 2 jours : 35\u20ac<\/li>\n<li><a href=\"https:\/\/2013.paris.wordcamp.org\/programme\/vendredi-18-janvier\/\">Vendredi 18 janvier<\/a> : 30\u20ac<\/li>\n<li><a href=\"https:\/\/2013.paris.wordcamp.org\/programme\/samedi-19-janvier\/\">Samedi 19 janvier<\/a> : 10\u20ac<\/li>\n<\/ul>\n<h2>Comment rester inform\u00e9 ?<\/h2>\n<p>Suivez le <a href=\"http:\/\/www.wordpress-fr.net\/category\/blog\/\">blog de WordPress-Francophone<\/a>, ou <a href=\"https:\/\/twitter.com\/wordpress_fr\/\">son compte Twitter<\/a> !<\/p>\n","protected":false},"excerpt":{"rendered":"<p>Dates Du vendredi 18 janvier au samedi 19 janvier 2013. Lieux Le vendredi : La MAS (Maison des Associations de Solidarit\u00e9), 10 rue des Terres au Cur\u00e9, dans le XIIIe arrondissement (carte). M\u00e9tro Porte d\u2019Ivry (ligne 7, Tram T3) ou &hellip; <a href=\"https:\/\/paris.wordcamp.org\/2013\/\">Continuer la lecture <span class=\"screen-reader-text\">Informations<\/span>  <span class=\"meta-nav\">&rarr;<\/span><\/a><\/p>\n","protected":false},"author":7694169,"featured_media":0,"parent":0,"menu_order":0,"comment_status":"closed","ping_status":"closed","template":"","meta":{"jetpack_post_was_ever_published":false,"footnotes":""},"class_list":["post-2","page","type-page","status-publish","hentry"],"jetpack_sharing_enabled":true,"jetpack_shortlink":"https:\/\/wp.me\/P2ExcP-2","_links":{"self":[{"href":"https:\/\/paris.wordcamp.org\/2013\/wp-json\/wp\/v2\/pages\/2","targetHints":{"allow":["GET"]}}],"collection":[{"href":"https:\/\/paris.wordcamp.org\/2013\/wp-json\/wp\/v2\/pages"}],"about":[{"href":"https:\/\/paris.wordcamp.org\/2013\/wp-json\/wp\/v2\/types\/page"}],"author":[{"embeddable":true,"href":"https:\/\/paris.wordcamp.org\/2013\/wp-json\/wp\/v2\/users\/7694169"}],"replies":[{"embeddable":true,"href":"https:\/\/paris.wordcamp.org\/2013\/wp-json\/wp\/v2\/comments?post=2"}],"version-history":[{"count":10,"href":"https:\/\/paris.wordcamp.org\/2013\/wp-json\/wp\/v2\/pages\/2\/revisions"}],"predecessor-version":[{"id":9,"href":"https:\/\/paris.wordcamp.org\/2013\/wp-json\/wp\/v2\/pages\/2\/revisions\/9"}],"wp:attachment":[{"href":"https:\/\/paris.wordcamp.org\/2013\/wp-json\/wp\/v2\/media?parent=2"}],"curies":[{"name":"wp","href":"https:\/\/api.w.org\/{rel}","templated":true}]}}