{"id":420,"date":"2011-11-07T20:52:40","date_gmt":"2011-11-07T19:52:40","guid":{"rendered":"https:\/\/2011.paris.wordcamp.org\/?page_id=420"},"modified":"2013-06-21T11:26:26","modified_gmt":"2013-06-21T09:26:26","slug":"promotion","status":"publish","type":"page","link":"https:\/\/paris.wordcamp.org\/2011\/promotion\/","title":{"rendered":"Promotion"},"content":{"rendered":"<h2>Images, logos et banni\u00e8res WordCamp Paris 2011<\/h2>\n<p>Aidez-nous \u00e0 faire la promotion du WordCamp Paris en affichant l&rsquo;une de nos banni\u00e8res sur votre site !<\/p>\n<h3>728&#215;90<\/h3>\n<p><a href=\"https:\/\/2011.paris.wordcamp.org\/\" title=\"WordCamp Paris 25 novembre 2011\"><img loading=\"lazy\" decoding=\"async\" data-attachment-id=\"427\" data-permalink=\"https:\/\/paris.wordcamp.org\/2011\/promotion\/buzzz_728x90\/\" data-orig-file=\"https:\/\/paris.wordcamp.org\/2011\/files\/2011\/11\/BUZZZ_728x90.gif\" data-orig-size=\"728,90\" data-comments-opened=\"1\" data-image-meta=\"{&quot;aperture&quot;:&quot;0&quot;,&quot;credit&quot;:&quot;&quot;,&quot;camera&quot;:&quot;&quot;,&quot;caption&quot;:&quot;&quot;,&quot;created_timestamp&quot;:&quot;0&quot;,&quot;copyright&quot;:&quot;&quot;,&quot;focal_length&quot;:&quot;0&quot;,&quot;iso&quot;:&quot;0&quot;,&quot;shutter_speed&quot;:&quot;0&quot;,&quot;title&quot;:&quot;&quot;}\" data-image-title=\"BUZZZ_728x90\" data-image-description=\"\" data-image-caption=\"\" data-medium-file=\"https:\/\/paris.wordcamp.org\/2011\/files\/2011\/11\/BUZZZ_728x90-300x37.gif\" data-large-file=\"https:\/\/paris.wordcamp.org\/2011\/files\/2011\/11\/BUZZZ_728x90.gif\" src=\"https:\/\/2011.paris.wordcamp.org\/files\/2011\/11\/BUZZZ_728x90.gif\" alt=\"WordCamp Paris 25 novembre 2011\" title=\"WordCamp Paris 25 novembre 2011\" width=\"728\" height=\"90\" class=\"wp-image-427\" srcset=\"https:\/\/paris.wordcamp.org\/2011\/files\/2011\/11\/BUZZZ_728x90.gif 728w, https:\/\/paris.wordcamp.org\/2011\/files\/2011\/11\/BUZZZ_728x90-300x37.gif 300w\" sizes=\"auto, (max-width: 728px) 100vw, 728px\" \/><\/a><\/p>\n<p><textarea class=\"share_code\"><a href=\"https:\/\/2011.paris.wordcamp.org\/\" title=\"WordCamp Paris 25 novembre 2011\"><img loading=\"lazy\" decoding=\"async\" data-attachment-id=\"427\" data-permalink=\"https:\/\/paris.wordcamp.org\/2011\/promotion\/buzzz_728x90\/\" data-orig-file=\"https:\/\/paris.wordcamp.org\/2011\/files\/2011\/11\/BUZZZ_728x90.gif\" data-orig-size=\"728,90\" data-comments-opened=\"1\" data-image-meta=\"{&quot;aperture&quot;:&quot;0&quot;,&quot;credit&quot;:&quot;&quot;,&quot;camera&quot;:&quot;&quot;,&quot;caption&quot;:&quot;&quot;,&quot;created_timestamp&quot;:&quot;0&quot;,&quot;copyright&quot;:&quot;&quot;,&quot;focal_length&quot;:&quot;0&quot;,&quot;iso&quot;:&quot;0&quot;,&quot;shutter_speed&quot;:&quot;0&quot;,&quot;title&quot;:&quot;&quot;}\" data-image-title=\"BUZZZ_728x90\" data-image-description=\"\" data-image-caption=\"\" data-medium-file=\"https:\/\/paris.wordcamp.org\/2011\/files\/2011\/11\/BUZZZ_728x90-300x37.gif\" data-large-file=\"https:\/\/paris.wordcamp.org\/2011\/files\/2011\/11\/BUZZZ_728x90.gif\" src=\"https:\/\/2011.paris.wordcamp.org\/files\/2011\/11\/BUZZZ_728x90.gif\" alt=\"WordCamp Paris 25 novembre 2011\" title=\"WordCamp Paris 25 novembre 2011\" width=\"728\" height=\"90\" class=\"wp-image-427\" srcset=\"https:\/\/paris.wordcamp.org\/2011\/files\/2011\/11\/BUZZZ_728x90.gif 728w, https:\/\/paris.wordcamp.org\/2011\/files\/2011\/11\/BUZZZ_728x90-300x37.gif 300w\" sizes=\"auto, (max-width: 728px) 100vw, 728px\" \/><\/a><\/textarea><\/p>\n<h3>300&#215;300<\/h3>\n<p><a href=\"https:\/\/2011.paris.wordcamp.org\/\" title=\"WordCamp Paris 25 novembre 2011\"><img loading=\"lazy\" decoding=\"async\" data-attachment-id=\"426\" data-permalink=\"https:\/\/paris.wordcamp.org\/2011\/promotion\/buzzz_300x300\/\" data-orig-file=\"https:\/\/paris.wordcamp.org\/2011\/files\/2011\/11\/BUZZZ_300x300.gif\" data-orig-size=\"300,300\" data-comments-opened=\"1\" data-image-meta=\"{&quot;aperture&quot;:&quot;0&quot;,&quot;credit&quot;:&quot;&quot;,&quot;camera&quot;:&quot;&quot;,&quot;caption&quot;:&quot;&quot;,&quot;created_timestamp&quot;:&quot;0&quot;,&quot;copyright&quot;:&quot;&quot;,&quot;focal_length&quot;:&quot;0&quot;,&quot;iso&quot;:&quot;0&quot;,&quot;shutter_speed&quot;:&quot;0&quot;,&quot;title&quot;:&quot;&quot;}\" data-image-title=\"BUZZZ_300x300\" data-image-description=\"\" data-image-caption=\"\" data-medium-file=\"https:\/\/paris.wordcamp.org\/2011\/files\/2011\/11\/BUZZZ_300x300.gif\" data-large-file=\"https:\/\/paris.wordcamp.org\/2011\/files\/2011\/11\/BUZZZ_300x300.gif\" src=\"https:\/\/2011.paris.wordcamp.org\/files\/2011\/11\/BUZZZ_300x300.gif\" alt=\"WordCamp Paris 25 novembre 2011\" title=\"WordCamp Paris 25 novembre 2011\" width=\"300\" height=\"300\" class=\"wp-image-426\" srcset=\"https:\/\/paris.wordcamp.org\/2011\/files\/2011\/11\/BUZZZ_300x300.gif 300w, https:\/\/paris.wordcamp.org\/2011\/files\/2011\/11\/BUZZZ_300x300-150x150.gif 150w\" sizes=\"auto, (max-width: 300px) 100vw, 300px\" \/><\/a><\/p>\n<p><textarea class=\"share_code\"><a href=\"https:\/\/2011.paris.wordcamp.org\/\" title=\"WordCamp Paris 25 novembre 2011\"><img loading=\"lazy\" decoding=\"async\" data-attachment-id=\"426\" data-permalink=\"https:\/\/paris.wordcamp.org\/2011\/promotion\/buzzz_300x300\/\" data-orig-file=\"https:\/\/paris.wordcamp.org\/2011\/files\/2011\/11\/BUZZZ_300x300.gif\" data-orig-size=\"300,300\" data-comments-opened=\"1\" data-image-meta=\"{&quot;aperture&quot;:&quot;0&quot;,&quot;credit&quot;:&quot;&quot;,&quot;camera&quot;:&quot;&quot;,&quot;caption&quot;:&quot;&quot;,&quot;created_timestamp&quot;:&quot;0&quot;,&quot;copyright&quot;:&quot;&quot;,&quot;focal_length&quot;:&quot;0&quot;,&quot;iso&quot;:&quot;0&quot;,&quot;shutter_speed&quot;:&quot;0&quot;,&quot;title&quot;:&quot;&quot;}\" data-image-title=\"BUZZZ_300x300\" data-image-description=\"\" data-image-caption=\"\" data-medium-file=\"https:\/\/paris.wordcamp.org\/2011\/files\/2011\/11\/BUZZZ_300x300.gif\" data-large-file=\"https:\/\/paris.wordcamp.org\/2011\/files\/2011\/11\/BUZZZ_300x300.gif\" src=\"https:\/\/2011.paris.wordcamp.org\/files\/2011\/11\/BUZZZ_300x300.gif\" alt=\"WordCamp Paris 25 novembre 2011\" title=\"WordCamp Paris 25 novembre 2011\" width=\"300\" height=\"300\" class=\"wp-image-426\" srcset=\"https:\/\/paris.wordcamp.org\/2011\/files\/2011\/11\/BUZZZ_300x300.gif 300w, https:\/\/paris.wordcamp.org\/2011\/files\/2011\/11\/BUZZZ_300x300-150x150.gif 150w\" sizes=\"auto, (max-width: 300px) 100vw, 300px\" \/><\/a><\/textarea><\/p>\n<h3>250&#215;250<\/h3>\n<p><a href=\"https:\/\/2011.paris.wordcamp.org\/\" title=\"WordCamp Paris 25 novembre 2011\"><img loading=\"lazy\" decoding=\"async\" data-attachment-id=\"425\" data-permalink=\"https:\/\/paris.wordcamp.org\/2011\/promotion\/buzzz_250x250\/\" data-orig-file=\"https:\/\/paris.wordcamp.org\/2011\/files\/2011\/11\/BUZZZ_250x250.gif\" data-orig-size=\"250,250\" data-comments-opened=\"1\" data-image-meta=\"{&quot;aperture&quot;:&quot;0&quot;,&quot;credit&quot;:&quot;&quot;,&quot;camera&quot;:&quot;&quot;,&quot;caption&quot;:&quot;&quot;,&quot;created_timestamp&quot;:&quot;0&quot;,&quot;copyright&quot;:&quot;&quot;,&quot;focal_length&quot;:&quot;0&quot;,&quot;iso&quot;:&quot;0&quot;,&quot;shutter_speed&quot;:&quot;0&quot;,&quot;title&quot;:&quot;&quot;}\" data-image-title=\"BUZZZ_250x250\" data-image-description=\"\" data-image-caption=\"\" data-medium-file=\"https:\/\/paris.wordcamp.org\/2011\/files\/2011\/11\/BUZZZ_250x250.gif\" data-large-file=\"https:\/\/paris.wordcamp.org\/2011\/files\/2011\/11\/BUZZZ_250x250.gif\" src=\"https:\/\/2011.paris.wordcamp.org\/files\/2011\/11\/BUZZZ_250x250.gif\" alt=\"WordCamp Paris 25 novembre 2011\" title=\"WordCamp Paris 25 novembre 2011\" width=\"250\" height=\"250\" class=\"wp-image-425\" srcset=\"https:\/\/paris.wordcamp.org\/2011\/files\/2011\/11\/BUZZZ_250x250.gif 250w, https:\/\/paris.wordcamp.org\/2011\/files\/2011\/11\/BUZZZ_250x250-150x150.gif 150w\" sizes=\"auto, (max-width: 250px) 100vw, 250px\" \/><\/a><\/p>\n<p><textarea class=\"share_code\"><a href=\"https:\/\/2011.paris.wordcamp.org\/\" title=\"WordCamp Paris 25 novembre 2011\"><img loading=\"lazy\" decoding=\"async\" data-attachment-id=\"425\" data-permalink=\"https:\/\/paris.wordcamp.org\/2011\/promotion\/buzzz_250x250\/\" data-orig-file=\"https:\/\/paris.wordcamp.org\/2011\/files\/2011\/11\/BUZZZ_250x250.gif\" data-orig-size=\"250,250\" data-comments-opened=\"1\" data-image-meta=\"{&quot;aperture&quot;:&quot;0&quot;,&quot;credit&quot;:&quot;&quot;,&quot;camera&quot;:&quot;&quot;,&quot;caption&quot;:&quot;&quot;,&quot;created_timestamp&quot;:&quot;0&quot;,&quot;copyright&quot;:&quot;&quot;,&quot;focal_length&quot;:&quot;0&quot;,&quot;iso&quot;:&quot;0&quot;,&quot;shutter_speed&quot;:&quot;0&quot;,&quot;title&quot;:&quot;&quot;}\" data-image-title=\"BUZZZ_250x250\" data-image-description=\"\" data-image-caption=\"\" data-medium-file=\"https:\/\/paris.wordcamp.org\/2011\/files\/2011\/11\/BUZZZ_250x250.gif\" data-large-file=\"https:\/\/paris.wordcamp.org\/2011\/files\/2011\/11\/BUZZZ_250x250.gif\" src=\"https:\/\/2011.paris.wordcamp.org\/files\/2011\/11\/BUZZZ_250x250.gif\" alt=\"WordCamp Paris 25 novembre 2011\" title=\"WordCamp Paris 25 novembre 2011\" width=\"250\" height=\"250\" class=\"wp-image-425\" srcset=\"https:\/\/paris.wordcamp.org\/2011\/files\/2011\/11\/BUZZZ_250x250.gif 250w, https:\/\/paris.wordcamp.org\/2011\/files\/2011\/11\/BUZZZ_250x250-150x150.gif 150w\" sizes=\"auto, (max-width: 250px) 100vw, 250px\" \/><\/a><\/textarea><\/p>\n<h3>250&#215;100<\/h3>\n<p><a href=\"https:\/\/2011.paris.wordcamp.org\/\" title=\"WordCamp Paris 25 novembre 2011\"><img loading=\"lazy\" decoding=\"async\" data-attachment-id=\"424\" data-permalink=\"https:\/\/paris.wordcamp.org\/2011\/promotion\/buzzz_250x100\/\" data-orig-file=\"https:\/\/paris.wordcamp.org\/2011\/files\/2011\/11\/BUZZZ_250x100.gif\" data-orig-size=\"250,100\" data-comments-opened=\"1\" data-image-meta=\"{&quot;aperture&quot;:&quot;0&quot;,&quot;credit&quot;:&quot;&quot;,&quot;camera&quot;:&quot;&quot;,&quot;caption&quot;:&quot;&quot;,&quot;created_timestamp&quot;:&quot;0&quot;,&quot;copyright&quot;:&quot;&quot;,&quot;focal_length&quot;:&quot;0&quot;,&quot;iso&quot;:&quot;0&quot;,&quot;shutter_speed&quot;:&quot;0&quot;,&quot;title&quot;:&quot;&quot;}\" data-image-title=\"BUZZZ_250x100\" data-image-description=\"\" data-image-caption=\"\" data-medium-file=\"https:\/\/paris.wordcamp.org\/2011\/files\/2011\/11\/BUZZZ_250x100.gif\" data-large-file=\"https:\/\/paris.wordcamp.org\/2011\/files\/2011\/11\/BUZZZ_250x100.gif\" src=\"https:\/\/2011.paris.wordcamp.org\/files\/2011\/11\/BUZZZ_250x100.gif\" alt=\"WordCamp Paris 25 novembre 2011\" title=\"WordCamp Paris 25 novembre 2011\" width=\"250\" height=\"100\" class=\"wp-image-424\" \/><\/a><\/p>\n<p><textarea class=\"share_code\"><a href=\"https:\/\/2011.paris.wordcamp.org\/\" title=\"WordCamp Paris 25 novembre 2011\"><img loading=\"lazy\" decoding=\"async\" data-attachment-id=\"424\" data-permalink=\"https:\/\/paris.wordcamp.org\/2011\/promotion\/buzzz_250x100\/\" data-orig-file=\"https:\/\/paris.wordcamp.org\/2011\/files\/2011\/11\/BUZZZ_250x100.gif\" data-orig-size=\"250,100\" data-comments-opened=\"1\" data-image-meta=\"{&quot;aperture&quot;:&quot;0&quot;,&quot;credit&quot;:&quot;&quot;,&quot;camera&quot;:&quot;&quot;,&quot;caption&quot;:&quot;&quot;,&quot;created_timestamp&quot;:&quot;0&quot;,&quot;copyright&quot;:&quot;&quot;,&quot;focal_length&quot;:&quot;0&quot;,&quot;iso&quot;:&quot;0&quot;,&quot;shutter_speed&quot;:&quot;0&quot;,&quot;title&quot;:&quot;&quot;}\" data-image-title=\"BUZZZ_250x100\" data-image-description=\"\" data-image-caption=\"\" data-medium-file=\"https:\/\/paris.wordcamp.org\/2011\/files\/2011\/11\/BUZZZ_250x100.gif\" data-large-file=\"https:\/\/paris.wordcamp.org\/2011\/files\/2011\/11\/BUZZZ_250x100.gif\" src=\"https:\/\/2011.paris.wordcamp.org\/files\/2011\/11\/BUZZZ_250x100.gif\" alt=\"WordCamp Paris 25 novembre 2011\" title=\"WordCamp Paris 25 novembre 2011\" width=\"250\" height=\"100\" class=\"wp-image-424\" \/><\/a><\/textarea><\/p>\n<h3>150&#215;150<\/h3>\n<p><a href=\"https:\/\/2011.paris.wordcamp.org\/\" title=\"WordCamp Paris 25 novembre 2011\"><img loading=\"lazy\" decoding=\"async\" data-attachment-id=\"423\" data-permalink=\"https:\/\/paris.wordcamp.org\/2011\/promotion\/buzzz_150x150\/\" data-orig-file=\"https:\/\/paris.wordcamp.org\/2011\/files\/2011\/11\/BUZZZ_150x150.gif\" data-orig-size=\"150,150\" data-comments-opened=\"1\" data-image-meta=\"{&quot;aperture&quot;:&quot;0&quot;,&quot;credit&quot;:&quot;&quot;,&quot;camera&quot;:&quot;&quot;,&quot;caption&quot;:&quot;&quot;,&quot;created_timestamp&quot;:&quot;0&quot;,&quot;copyright&quot;:&quot;&quot;,&quot;focal_length&quot;:&quot;0&quot;,&quot;iso&quot;:&quot;0&quot;,&quot;shutter_speed&quot;:&quot;0&quot;,&quot;title&quot;:&quot;&quot;}\" data-image-title=\"BUZZZ_150x150\" data-image-description=\"\" data-image-caption=\"\" data-medium-file=\"https:\/\/paris.wordcamp.org\/2011\/files\/2011\/11\/BUZZZ_150x150.gif\" data-large-file=\"https:\/\/paris.wordcamp.org\/2011\/files\/2011\/11\/BUZZZ_150x150.gif\" src=\"https:\/\/2011.paris.wordcamp.org\/files\/2011\/11\/BUZZZ_150x150.gif\" alt=\"WordCamp Paris 25 novembre 2011\" title=\"WordCamp Paris 25 novembre 2011\" width=\"150\" height=\"150\" class=\"wp-image-423\" \/><\/a><\/p>\n<p><textarea class=\"share_code\"><a href=\"https:\/\/2011.paris.wordcamp.org\/\" title=\"WordCamp Paris 25 novembre 2011\"><img loading=\"lazy\" decoding=\"async\" data-attachment-id=\"423\" data-permalink=\"https:\/\/paris.wordcamp.org\/2011\/promotion\/buzzz_150x150\/\" data-orig-file=\"https:\/\/paris.wordcamp.org\/2011\/files\/2011\/11\/BUZZZ_150x150.gif\" data-orig-size=\"150,150\" data-comments-opened=\"1\" data-image-meta=\"{&quot;aperture&quot;:&quot;0&quot;,&quot;credit&quot;:&quot;&quot;,&quot;camera&quot;:&quot;&quot;,&quot;caption&quot;:&quot;&quot;,&quot;created_timestamp&quot;:&quot;0&quot;,&quot;copyright&quot;:&quot;&quot;,&quot;focal_length&quot;:&quot;0&quot;,&quot;iso&quot;:&quot;0&quot;,&quot;shutter_speed&quot;:&quot;0&quot;,&quot;title&quot;:&quot;&quot;}\" data-image-title=\"BUZZZ_150x150\" data-image-description=\"\" data-image-caption=\"\" data-medium-file=\"https:\/\/paris.wordcamp.org\/2011\/files\/2011\/11\/BUZZZ_150x150.gif\" data-large-file=\"https:\/\/paris.wordcamp.org\/2011\/files\/2011\/11\/BUZZZ_150x150.gif\" src=\"https:\/\/2011.paris.wordcamp.org\/files\/2011\/11\/BUZZZ_150x150.gif\" alt=\"WordCamp Paris 25 novembre 2011\" title=\"WordCamp Paris 25 novembre 2011\" width=\"150\" height=\"150\" class=\"wp-image-423\" \/><\/a><\/textarea><\/p>\n<h3>120&#215;600<\/h3>\n<p><a href=\"https:\/\/2011.paris.wordcamp.org\/\" title=\"WordCamp Paris 25 novembre 2011\"><img loading=\"lazy\" decoding=\"async\" data-attachment-id=\"422\" data-permalink=\"https:\/\/paris.wordcamp.org\/2011\/promotion\/buzzz_120x600\/\" data-orig-file=\"https:\/\/paris.wordcamp.org\/2011\/files\/2011\/11\/BUZZZ_120x600.gif\" data-orig-size=\"120,600\" data-comments-opened=\"1\" data-image-meta=\"{&quot;aperture&quot;:&quot;0&quot;,&quot;credit&quot;:&quot;&quot;,&quot;camera&quot;:&quot;&quot;,&quot;caption&quot;:&quot;&quot;,&quot;created_timestamp&quot;:&quot;0&quot;,&quot;copyright&quot;:&quot;&quot;,&quot;focal_length&quot;:&quot;0&quot;,&quot;iso&quot;:&quot;0&quot;,&quot;shutter_speed&quot;:&quot;0&quot;,&quot;title&quot;:&quot;&quot;}\" data-image-title=\"BUZZZ_120x600\" data-image-description=\"\" data-image-caption=\"\" data-medium-file=\"https:\/\/paris.wordcamp.org\/2011\/files\/2011\/11\/BUZZZ_120x600-60x300.gif\" data-large-file=\"https:\/\/paris.wordcamp.org\/2011\/files\/2011\/11\/BUZZZ_120x600.gif\" src=\"https:\/\/2011.paris.wordcamp.org\/files\/2011\/11\/BUZZZ_120x600.gif\" alt=\"WordCamp Paris 25 novembre 2011\" title=\"WordCamp Paris 25 novembre 2011\" width=\"120\" height=\"600\" class=\"wp-image-422\" srcset=\"https:\/\/paris.wordcamp.org\/2011\/files\/2011\/11\/BUZZZ_120x600.gif 120w, https:\/\/paris.wordcamp.org\/2011\/files\/2011\/11\/BUZZZ_120x600-60x300.gif 60w\" sizes=\"auto, (max-width: 120px) 100vw, 120px\" \/><\/a><\/p>\n<p><textarea class=\"share_code\"><a href=\"https:\/\/2011.paris.wordcamp.org\/\" title=\"WordCamp Paris 25 novembre 2011\"><img loading=\"lazy\" decoding=\"async\" data-attachment-id=\"422\" data-permalink=\"https:\/\/paris.wordcamp.org\/2011\/promotion\/buzzz_120x600\/\" data-orig-file=\"https:\/\/paris.wordcamp.org\/2011\/files\/2011\/11\/BUZZZ_120x600.gif\" data-orig-size=\"120,600\" data-comments-opened=\"1\" data-image-meta=\"{&quot;aperture&quot;:&quot;0&quot;,&quot;credit&quot;:&quot;&quot;,&quot;camera&quot;:&quot;&quot;,&quot;caption&quot;:&quot;&quot;,&quot;created_timestamp&quot;:&quot;0&quot;,&quot;copyright&quot;:&quot;&quot;,&quot;focal_length&quot;:&quot;0&quot;,&quot;iso&quot;:&quot;0&quot;,&quot;shutter_speed&quot;:&quot;0&quot;,&quot;title&quot;:&quot;&quot;}\" data-image-title=\"BUZZZ_120x600\" data-image-description=\"\" data-image-caption=\"\" data-medium-file=\"https:\/\/paris.wordcamp.org\/2011\/files\/2011\/11\/BUZZZ_120x600-60x300.gif\" data-large-file=\"https:\/\/paris.wordcamp.org\/2011\/files\/2011\/11\/BUZZZ_120x600.gif\" src=\"https:\/\/2011.paris.wordcamp.org\/files\/2011\/11\/BUZZZ_120x600.gif\" alt=\"WordCamp Paris 25 novembre 2011\" title=\"WordCamp Paris 25 novembre 2011\" width=\"120\" height=\"600\" class=\"wp-image-422\" srcset=\"https:\/\/paris.wordcamp.org\/2011\/files\/2011\/11\/BUZZZ_120x600.gif 120w, https:\/\/paris.wordcamp.org\/2011\/files\/2011\/11\/BUZZZ_120x600-60x300.gif 60w\" sizes=\"auto, (max-width: 120px) 100vw, 120px\" \/><\/a><\/textarea><\/p>\n","protected":false},"excerpt":{"rendered":"<p>Images, logos et banni\u00e8res WordCamp Paris 2011 Aidez-nous \u00e0 faire la promotion du WordCamp Paris en affichant l&rsquo;une de nos banni\u00e8res sur votre site ! 728&#215;90 300&#215;300 250&#215;250 250&#215;100 150&#215;150 120&#215;600<\/p>\n","protected":false},"author":161212,"featured_media":0,"parent":0,"menu_order":0,"comment_status":"closed","ping_status":"closed","template":"","meta":{"jetpack_post_was_ever_published":false,"footnotes":""},"class_list":["post-420","page","type-page","status-publish","hentry"],"jetpack_shortlink":"https:\/\/wp.me\/P1Jsfl-6M","jetpack_sharing_enabled":false,"_links":{"self":[{"href":"https:\/\/paris.wordcamp.org\/2011\/wp-json\/wp\/v2\/pages\/420","targetHints":{"allow":["GET"]}}],"collection":[{"href":"https:\/\/paris.wordcamp.org\/2011\/wp-json\/wp\/v2\/pages"}],"about":[{"href":"https:\/\/paris.wordcamp.org\/2011\/wp-json\/wp\/v2\/types\/page"}],"author":[{"embeddable":true,"href":"https:\/\/paris.wordcamp.org\/2011\/wp-json\/wp\/v2\/users\/161212"}],"replies":[{"embeddable":true,"href":"https:\/\/paris.wordcamp.org\/2011\/wp-json\/wp\/v2\/comments?post=420"}],"version-history":[{"count":17,"href":"https:\/\/paris.wordcamp.org\/2011\/wp-json\/wp\/v2\/pages\/420\/revisions"}],"predecessor-version":[{"id":6320,"href":"https:\/\/paris.wordcamp.org\/2011\/wp-json\/wp\/v2\/pages\/420\/revisions\/6320"}],"wp:attachment":[{"href":"https:\/\/paris.wordcamp.org\/2011\/wp-json\/wp\/v2\/media?parent=420"}],"curies":[{"name":"wp","href":"https:\/\/api.w.org\/{rel}","templated":true}]}}