{"id":164,"date":"2011-10-22T15:09:19","date_gmt":"2011-10-22T13:09:19","guid":{"rendered":"https:\/\/2011.paris.wordcamp.org\/?page_id=164"},"modified":"2013-06-21T11:26:25","modified_gmt":"2013-06-21T09:26:25","slug":"plan-dacces","status":"publish","type":"page","link":"https:\/\/paris.wordcamp.org\/2011\/informations-pratiques\/plan-dacces\/","title":{"rendered":"Plan d&rsquo;acc\u00e8s"},"content":{"rendered":"<p>Le Studio Raspail se situe au 216 Boulevard Raspail, \u00e0 Paris.<\/p>\n<p>Pour venir en m\u00e9tro : descendre \u00e0 la station Raspail (ligne 6 et 4, 200m), ou la station Vavin (ligne 4, 190m). La station de RER la plus proche est Port-Royal (RER B, 600m). Vous pouvez calculer votre itin\u00e9raire sur le <a href=\"http:\/\/www.ratp.fr\/itineraires\/fr\/ratp\/recherche-avancee\">site de la RATP<\/a>.<\/p>\n<p>Un parking se situe au 120 bis boulevard Montparnasse.<\/p>\n<div class=\"googlemaps\">\n\t\t\t\t<iframe loading=\"lazy\" width=\"500\" height=\"450\" frameborder=\"0\" scrolling=\"no\" marginheight=\"0\" marginwidth=\"0\"  src=\"https:\/\/maps.google.fr\/maps?f=q&#038;source=s_q&#038;hl=fr&#038;geocode=&#038;q=Studio%20Raspail&#038;aq=&#038;sll=48.83156,2.277431&#038;sspn=0.023617,0.066047&#038;vpsrc=0&#038;ie=UTF8&#038;hnear=&#038;t=m&#038;cid=8527714145387908381&#038;z=14&#038;iwloc=A&#038;output=embed\"><\/iframe>\n\t\t\t<\/div>\n","protected":false},"excerpt":{"rendered":"<p>Le Studio Raspail se situe au 216 Boulevard Raspail, \u00e0 Paris. Pour venir en m\u00e9tro : descendre \u00e0 la station Raspail (ligne 6 et 4, 200m), ou la station Vavin (ligne 4, 190m). La station de RER la plus proche &hellip; <a href=\"https:\/\/paris.wordcamp.org\/2011\/informations-pratiques\/plan-dacces\/\">Continuer la lecture <span class=\"screen-reader-text\">Plan d&rsquo;acc\u00e8s<\/span>  <span class=\"meta-nav\">&rarr;<\/span><\/a><\/p>\n","protected":false},"author":161212,"featured_media":0,"parent":162,"menu_order":0,"comment_status":"closed","ping_status":"closed","template":"","meta":{"jetpack_post_was_ever_published":false,"footnotes":""},"class_list":["post-164","page","type-page","status-publish","hentry"],"jetpack_shortlink":"https:\/\/wp.me\/P1Jsfl-2E","jetpack_sharing_enabled":false,"_links":{"self":[{"href":"https:\/\/paris.wordcamp.org\/2011\/wp-json\/wp\/v2\/pages\/164","targetHints":{"allow":["GET"]}}],"collection":[{"href":"https:\/\/paris.wordcamp.org\/2011\/wp-json\/wp\/v2\/pages"}],"about":[{"href":"https:\/\/paris.wordcamp.org\/2011\/wp-json\/wp\/v2\/types\/page"}],"author":[{"embeddable":true,"href":"https:\/\/paris.wordcamp.org\/2011\/wp-json\/wp\/v2\/users\/161212"}],"replies":[{"embeddable":true,"href":"https:\/\/paris.wordcamp.org\/2011\/wp-json\/wp\/v2\/comments?post=164"}],"version-history":[{"count":13,"href":"https:\/\/paris.wordcamp.org\/2011\/wp-json\/wp\/v2\/pages\/164\/revisions"}],"predecessor-version":[{"id":227,"href":"https:\/\/paris.wordcamp.org\/2011\/wp-json\/wp\/v2\/pages\/164\/revisions\/227"}],"up":[{"embeddable":true,"href":"https:\/\/paris.wordcamp.org\/2011\/wp-json\/wp\/v2\/pages\/162"}],"wp:attachment":[{"href":"https:\/\/paris.wordcamp.org\/2011\/wp-json\/wp\/v2\/media?parent=164"}],"curies":[{"name":"wp","href":"https:\/\/api.w.org\/{rel}","templated":true}]}}